{"id":118,"date":"2020-07-04T14:01:07","date_gmt":"2020-07-04T14:01:07","guid":{"rendered":"http:\/\/www.univnt.ro\/?page_id=118"},"modified":"2026-02-13T06:35:42","modified_gmt":"2026-02-13T06:35:42","slug":"antrepernoriat-si-administrarea-afacerilor","status":"publish","type":"page","link":"https:\/\/www.univnt.ro\/index.php\/facultati\/facultatea-de-economie-si-administrarea-afacerilor\/antrepernoriat-si-administrarea-afacerilor\/","title":{"rendered":"ANTREPRENORIAT \u0218I ADMINISTRAREA AFACERILOR"},"content":{"rendered":"\t\t<div data-elementor-type=\"wp-page\" data-elementor-id=\"118\" class=\"elementor elementor-118\" data-elementor-post-type=\"page\">\n\t\t\t\t\t\t<section class=\"elementor-section elementor-top-section elementor-element elementor-element-29bf7e8 elementor-section-boxed elementor-section-height-default elementor-section-height-default\" data-id=\"29bf7e8\" data-element_type=\"section\">\n\t\t\t\t\t\t<div class=\"elementor-container elementor-column-gap-default\">\n\t\t\t\t\t<div class=\"elementor-column elementor-col-100 elementor-top-column elementor-element elementor-element-6e169da\" data-id=\"6e169da\" data-element_type=\"column\">\n\t\t\t<div class=\"elementor-widget-wrap elementor-element-populated\">\n\t\t\t\t\t\t<div class=\"elementor-element elementor-element-5df5a39 elementor-alert-info elementor-invisible elementor-widget elementor-widget-alert\" data-id=\"5df5a39\" data-element_type=\"widget\" data-settings=\"{&quot;_animation&quot;:&quot;shake&quot;}\" data-widget_type=\"alert.default\">\n\t\t\t\t<div class=\"elementor-widget-container\">\n\t\t\t\t\t\t\t<div class=\"elementor-alert\" role=\"alert\">\n\n\t\t\t\t\t\t<span class=\"elementor-alert-title\">A fost postat orarul! \u00cen perioada 16-20 februarie se vor desf\u0103\u0219ura doar cursurile. Seminarele se vor desf\u0103\u0219ura \u00eencep\u00e2nd cu data de 23 februarie.<\/span>\n\t\t\t\n\t\t\t\n\t\t\t\t\t\t<button type=\"button\" class=\"elementor-alert-dismiss\" aria-label=\"Respinge aceast\u0103 alert\u0103.\">\n\t\t\t\t\t\t\t\t\t<span aria-hidden=\"true\">&times;<\/span>\n\t\t\t\t\t\t\t<\/button>\n\t\t\t\n\t\t<\/div>\n\t\t\t\t\t\t<\/div>\n\t\t\t\t<\/div>\n\t\t\t\t\t<\/div>\n\t\t<\/div>\n\t\t\t\t\t<\/div>\n\t\t<\/section>\n\t\t\t\t<section class=\"elementor-section elementor-top-section elementor-element elementor-element-b68a68c elementor-section-boxed elementor-section-height-default elementor-section-height-default\" data-id=\"b68a68c\" data-element_type=\"section\">\n\t\t\t\t\t\t<div class=\"elementor-container elementor-column-gap-default\">\n\t\t\t\t\t<div class=\"elementor-column elementor-col-100 elementor-top-column elementor-element elementor-element-db23feb\" data-id=\"db23feb\" data-element_type=\"column\">\n\t\t\t<div class=\"elementor-widget-wrap elementor-element-populated\">\n\t\t\t\t\t\t<div class=\"elementor-element elementor-element-c36d585 elementor-widget elementor-widget-accordion\" data-id=\"c36d585\" data-element_type=\"widget\" data-widget_type=\"accordion.default\">\n\t\t\t\t<div class=\"elementor-widget-container\">\n\t\t\t\t\t\t\t<div class=\"elementor-accordion\">\n\t\t\t\t\t\t\t<div class=\"elementor-accordion-item\">\n\t\t\t\t\t<div id=\"elementor-tab-title-2041\" class=\"elementor-tab-title\" data-tab=\"1\" role=\"button\" aria-controls=\"elementor-tab-content-2041\" aria-expanded=\"false\">\n\t\t\t\t\t\t\t\t\t\t\t\t\t<span class=\"elementor-accordion-icon elementor-accordion-icon-left\" aria-hidden=\"true\">\n\t\t\t\t\t\t\t\t\t\t\t\t\t\t\t<span class=\"elementor-accordion-icon-closed\"><i class=\"fas fa-plus\"><\/i><\/span>\n\t\t\t\t\t\t\t\t<span class=\"elementor-accordion-icon-opened\"><i class=\"fas fa-minus\"><\/i><\/span>\n\t\t\t\t\t\t\t\t\t\t\t\t\t\t<\/span>\n\t\t\t\t\t\t\t\t\t\t\t\t<a class=\"elementor-accordion-title\" tabindex=\"0\">AVIZIER<\/a>\n\t\t\t\t\t<\/div>\n\t\t\t\t\t<div id=\"elementor-tab-content-2041\" class=\"elementor-tab-content elementor-clearfix\" data-tab=\"1\" role=\"region\" aria-labelledby=\"elementor-tab-title-2041\"><p style=\"text-align: center;\"><a href=\"https:\/\/www.univnt.ro\/index.php\/category\/antreprenoriat-si-administrarea-afacerilor\"><strong><button type=\"button\">Vezi anun\u021buri!<\/button><\/strong><\/a><\/p><\/div>\n\t\t\t\t<\/div>\n\t\t\t\t\t\t\t<div class=\"elementor-accordion-item\">\n\t\t\t\t\t<div id=\"elementor-tab-title-2042\" class=\"elementor-tab-title\" data-tab=\"2\" role=\"button\" aria-controls=\"elementor-tab-content-2042\" aria-expanded=\"false\">\n\t\t\t\t\t\t\t\t\t\t\t\t\t<span class=\"elementor-accordion-icon elementor-accordion-icon-left\" aria-hidden=\"true\">\n\t\t\t\t\t\t\t\t\t\t\t\t\t\t\t<span class=\"elementor-accordion-icon-closed\"><i class=\"fas fa-plus\"><\/i><\/span>\n\t\t\t\t\t\t\t\t<span class=\"elementor-accordion-icon-opened\"><i class=\"fas fa-minus\"><\/i><\/span>\n\t\t\t\t\t\t\t\t\t\t\t\t\t\t<\/span>\n\t\t\t\t\t\t\t\t\t\t\t\t<a class=\"elementor-accordion-title\" tabindex=\"0\">ORAR<\/a>\n\t\t\t\t\t<\/div>\n\t\t\t\t\t<div id=\"elementor-tab-content-2042\" class=\"elementor-tab-content elementor-clearfix\" data-tab=\"2\" role=\"region\" aria-labelledby=\"elementor-tab-title-2042\"><p style=\"text-align: center;\"><span style=\"color: #800080;\"><strong>Anul universitar 2025-2026, Semestrul 2<\/strong><\/span><\/p>\n<p style=\"text-align: center;\"><strong><a href=\"https:\/\/drive.google.com\/file\/d\/1fqjWdQyiIYMtbetXoF9S72XvA01cNUpa\/view?usp=sharing\" target=\"_blank\" rel=\"noopener\"><button type=\"button\">Anul 1<\/button><\/a>\u00a0<a href=\"https:\/\/drive.google.com\/file\/d\/18DLJAEVr9xT1t6QBa2y6_Ori3_SlFImi\/view?usp=sharing\" target=\"_blank\" rel=\"noopener\"><button type=\"button\">Anul 2<\/button><\/a><\/strong><\/p>\n<p><a href=\"https:\/\/drive.google.com\/file\/d\/12eAsmMRPi5RwTLBc0JoNHupgky8ADz5n\/view?usp=sharing\" target=\"_blank\" rel=\"noopener\"><strong><button type=\"button\">s\u0103pt\u0103m\u00e2ni seminar<\/button><\/strong><\/a><\/p><\/div>\n\t\t\t\t<\/div>\n\t\t\t\t\t\t\t<div class=\"elementor-accordion-item\">\n\t\t\t\t\t<div id=\"elementor-tab-title-2043\" class=\"elementor-tab-title\" data-tab=\"3\" role=\"button\" aria-controls=\"elementor-tab-content-2043\" aria-expanded=\"false\">\n\t\t\t\t\t\t\t\t\t\t\t\t\t<span class=\"elementor-accordion-icon elementor-accordion-icon-left\" aria-hidden=\"true\">\n\t\t\t\t\t\t\t\t\t\t\t\t\t\t\t<span class=\"elementor-accordion-icon-closed\"><i class=\"fas fa-plus\"><\/i><\/span>\n\t\t\t\t\t\t\t\t<span class=\"elementor-accordion-icon-opened\"><i class=\"fas fa-minus\"><\/i><\/span>\n\t\t\t\t\t\t\t\t\t\t\t\t\t\t<\/span>\n\t\t\t\t\t\t\t\t\t\t\t\t<a class=\"elementor-accordion-title\" tabindex=\"0\">EXAMENE<\/a>\n\t\t\t\t\t<\/div>\n\t\t\t\t\t<div id=\"elementor-tab-content-2043\" class=\"elementor-tab-content elementor-clearfix\" data-tab=\"3\" role=\"region\" aria-labelledby=\"elementor-tab-title-2043\"><p style=\"text-align: center;\"><span style=\"color: #800080;\"><strong>Anul universitar 2025-2026, Semestrul 1<\/strong><\/span><\/p>\n<p style=\"text-align: center;\"><strong><a href=\"https:\/\/drive.google.com\/file\/d\/1JEt1NT4Nz93mTErJjaFxfoHv2AVPTXEr\/view?usp=sharing\" target=\"_blank\" rel=\"noopener\"><button type=\"button\">Anul 1<\/button><\/a> <a href=\"https:\/\/drive.google.com\/file\/d\/1RhFpezrFaPsytwVYpmDKa8AwoHXiDM4Y\/view?usp=sharing\" target=\"_blank\" rel=\"noopener\"><button type=\"button\">Anul 2<\/button><\/a><\/strong><\/p><\/div>\n\t\t\t\t<\/div>\n\t\t\t\t\t\t\t<div class=\"elementor-accordion-item\">\n\t\t\t\t\t<div id=\"elementor-tab-title-2044\" class=\"elementor-tab-title\" data-tab=\"4\" role=\"button\" aria-controls=\"elementor-tab-content-2044\" aria-expanded=\"false\">\n\t\t\t\t\t\t\t\t\t\t\t\t\t<span class=\"elementor-accordion-icon elementor-accordion-icon-left\" aria-hidden=\"true\">\n\t\t\t\t\t\t\t\t\t\t\t\t\t\t\t<span class=\"elementor-accordion-icon-closed\"><i class=\"fas fa-plus\"><\/i><\/span>\n\t\t\t\t\t\t\t\t<span class=\"elementor-accordion-icon-opened\"><i class=\"fas fa-minus\"><\/i><\/span>\n\t\t\t\t\t\t\t\t\t\t\t\t\t\t<\/span>\n\t\t\t\t\t\t\t\t\t\t\t\t<a class=\"elementor-accordion-title\" tabindex=\"0\">REEXAMIN\u0102RI<\/a>\n\t\t\t\t\t<\/div>\n\t\t\t\t\t<div id=\"elementor-tab-content-2044\" class=\"elementor-tab-content elementor-clearfix\" data-tab=\"4\" role=\"region\" aria-labelledby=\"elementor-tab-title-2044\"><p style=\"text-align: center;\"><span style=\"color: #993366;\"><strong>Anul universitar 2025-2026<\/strong><\/span><\/p>\n<p style=\"text-align: center;\"><strong><button type=\"button\">Anul 1<\/button><\/strong> <strong><button type=\"button\">Anul 2<\/button><\/strong><\/p><\/div>\n\t\t\t\t<\/div>\n\t\t\t\t\t\t\t<div class=\"elementor-accordion-item\">\n\t\t\t\t\t<div id=\"elementor-tab-title-2045\" class=\"elementor-tab-title\" data-tab=\"5\" role=\"button\" aria-controls=\"elementor-tab-content-2045\" aria-expanded=\"false\">\n\t\t\t\t\t\t\t\t\t\t\t\t\t<span class=\"elementor-accordion-icon elementor-accordion-icon-left\" aria-hidden=\"true\">\n\t\t\t\t\t\t\t\t\t\t\t\t\t\t\t<span class=\"elementor-accordion-icon-closed\"><i class=\"fas fa-plus\"><\/i><\/span>\n\t\t\t\t\t\t\t\t<span class=\"elementor-accordion-icon-opened\"><i class=\"fas fa-minus\"><\/i><\/span>\n\t\t\t\t\t\t\t\t\t\t\t\t\t\t<\/span>\n\t\t\t\t\t\t\t\t\t\t\t\t<a class=\"elementor-accordion-title\" tabindex=\"0\">RESTAN\u0162E<\/a>\n\t\t\t\t\t<\/div>\n\t\t\t\t\t<div id=\"elementor-tab-content-2045\" class=\"elementor-tab-content elementor-clearfix\" data-tab=\"5\" role=\"region\" aria-labelledby=\"elementor-tab-title-2045\"><p style=\"text-align: center;\"><span style=\"color: #993366;\"><strong>Anul universitar 2025-2026<\/strong><\/span><\/p>\n<p style=\"text-align: center;\"><strong><button type=\"button\">Anul 1<\/button><\/strong><\/p><\/div>\n\t\t\t\t<\/div>\n\t\t\t\t\t\t\t<div class=\"elementor-accordion-item\">\n\t\t\t\t\t<div id=\"elementor-tab-title-2046\" class=\"elementor-tab-title\" data-tab=\"6\" role=\"button\" aria-controls=\"elementor-tab-content-2046\" aria-expanded=\"false\">\n\t\t\t\t\t\t\t\t\t\t\t\t\t<span class=\"elementor-accordion-icon elementor-accordion-icon-left\" aria-hidden=\"true\">\n\t\t\t\t\t\t\t\t\t\t\t\t\t\t\t<span class=\"elementor-accordion-icon-closed\"><i class=\"fas fa-plus\"><\/i><\/span>\n\t\t\t\t\t\t\t\t<span class=\"elementor-accordion-icon-opened\"><i class=\"fas fa-minus\"><\/i><\/span>\n\t\t\t\t\t\t\t\t\t\t\t\t\t\t<\/span>\n\t\t\t\t\t\t\t\t\t\t\t\t<a class=\"elementor-accordion-title\" tabindex=\"0\">DISERTA\u0162IE<\/a>\n\t\t\t\t\t<\/div>\n\t\t\t\t\t<div id=\"elementor-tab-content-2046\" class=\"elementor-tab-content elementor-clearfix\" data-tab=\"6\" role=\"region\" aria-labelledby=\"elementor-tab-title-2046\"><p style=\"text-align: center;\"><span style=\"color: #993366;\"><strong>Sesiunea IULIE 2026<\/strong><\/span><\/p>\n<p style=\"text-align: left;\"><a href=\"https:\/\/www.univnt.ro\/index.php\/facultati\/facultatea-de-economie-si-administrarea-afacerilor\/antrepernoriat-si-administrarea-afacerilor\/tematica-bibliografie-aaa\/\"><strong><button type=\"button\">Tematic\u0103, bibliografie<\/button><\/strong><\/a><\/p>\n<p><a href=\"https:\/\/drive.google.com\/file\/d\/1mjQa1QhwHrvyh4DdiJfuvFQqjG74Qmt5\/view?usp=sharing\" target=\"_blank\" rel=\"noopener\"><strong><button type=\"button\">Cerere lucrare de diserta\u021bie<\/button><\/strong><\/a><\/p><\/div>\n\t\t\t\t<\/div>\n\t\t\t\t\t\t\t<div class=\"elementor-accordion-item\">\n\t\t\t\t\t<div id=\"elementor-tab-title-2047\" class=\"elementor-tab-title\" data-tab=\"7\" role=\"button\" aria-controls=\"elementor-tab-content-2047\" aria-expanded=\"false\">\n\t\t\t\t\t\t\t\t\t\t\t\t\t<span class=\"elementor-accordion-icon elementor-accordion-icon-left\" aria-hidden=\"true\">\n\t\t\t\t\t\t\t\t\t\t\t\t\t\t\t<span class=\"elementor-accordion-icon-closed\"><i class=\"fas fa-plus\"><\/i><\/span>\n\t\t\t\t\t\t\t\t<span class=\"elementor-accordion-icon-opened\"><i class=\"fas fa-minus\"><\/i><\/span>\n\t\t\t\t\t\t\t\t\t\t\t\t\t\t<\/span>\n\t\t\t\t\t\t\t\t\t\t\t\t<a class=\"elementor-accordion-title\" tabindex=\"0\">STRUCTURA ANULUI UNIVERSITAR<\/a>\n\t\t\t\t\t<\/div>\n\t\t\t\t\t<div id=\"elementor-tab-content-2047\" class=\"elementor-tab-content elementor-clearfix\" data-tab=\"7\" role=\"region\" aria-labelledby=\"elementor-tab-title-2047\"><p style=\"text-align: center;\"><a href=\"https:\/\/drive.google.com\/file\/d\/130MdAKs1diSoDx5n4kpK8CsbJm8dmiMX\/view?usp=sharing\" target=\"_blank\" rel=\"noopener\"><strong><button type=\"button\">vezi structura!<\/button><\/strong><\/a><\/p><\/div>\n\t\t\t\t<\/div>\n\t\t\t\t\t\t\t<div class=\"elementor-accordion-item\">\n\t\t\t\t\t<div id=\"elementor-tab-title-2048\" class=\"elementor-tab-title\" data-tab=\"8\" role=\"button\" aria-controls=\"elementor-tab-content-2048\" aria-expanded=\"false\">\n\t\t\t\t\t\t\t\t\t\t\t\t\t<span class=\"elementor-accordion-icon elementor-accordion-icon-left\" aria-hidden=\"true\">\n\t\t\t\t\t\t\t\t\t\t\t\t\t\t\t<span class=\"elementor-accordion-icon-closed\"><i class=\"fas fa-plus\"><\/i><\/span>\n\t\t\t\t\t\t\t\t<span class=\"elementor-accordion-icon-opened\"><i class=\"fas fa-minus\"><\/i><\/span>\n\t\t\t\t\t\t\t\t\t\t\t\t\t\t<\/span>\n\t\t\t\t\t\t\t\t\t\t\t\t<a class=\"elementor-accordion-title\" tabindex=\"0\">PLANURI DE \u00ceNV\u0102\u0162\u0102M\u00c2NT<\/a>\n\t\t\t\t\t<\/div>\n\t\t\t\t\t<div id=\"elementor-tab-content-2048\" class=\"elementor-tab-content elementor-clearfix\" data-tab=\"8\" role=\"region\" aria-labelledby=\"elementor-tab-title-2048\"><p style=\"text-align: center;\"><a href=\"https:\/\/www.univnt.ro\/wp-content\/uploads\/facultati\/2023-2024\/feea\/master\/planuri_invatamant\/Plan master AAA 2024 - 2026.pdf\" target=\"_blank\" rel=\"noopener\" data-wplink-url-error=\"true\"><strong><button type=\"button\">Planuri de \u00eenv\u0103\u021b\u0103m\u00e2nt 2024-2026<\/button><\/strong><\/a><\/p>\n<p style=\"text-align: center;\"><a href=\"https:\/\/www.univnt.ro\/wp-content\/uploads\/planuri_de_invatamant\/feaa\/Master_2025-2027\/Plan AAA 2025-2027.pdf\" target=\"_blank\" rel=\"noopener\" data-wplink-url-error=\"true\"><strong><button type=\"button\">Planuri de \u00eenv\u0103\u021b\u0103m\u00e2nt 2025-2027<\/button><\/strong><\/a><\/p><\/div>\n\t\t\t\t<\/div>\n\t\t\t\t\t\t\t\t<\/div>\n\t\t\t\t\t\t<\/div>\n\t\t\t\t<\/div>\n\t\t\t\t\t<\/div>\n\t\t<\/div>\n\t\t\t\t\t<\/div>\n\t\t<\/section>\n\t\t\t\t<section class=\"elementor-section elementor-top-section elementor-element elementor-element-2dfaa7ea elementor-section-boxed elementor-section-height-default elementor-section-height-default\" data-id=\"2dfaa7ea\" data-element_type=\"section\">\n\t\t\t\t\t\t<div class=\"elementor-container elementor-column-gap-default\">\n\t\t\t\t\t<div class=\"elementor-column elementor-col-100 elementor-top-column elementor-element elementor-element-1a17b9cf\" data-id=\"1a17b9cf\" data-element_type=\"column\">\n\t\t\t<div class=\"elementor-widget-wrap elementor-element-populated\">\n\t\t\t\t\t\t<div class=\"elementor-element elementor-element-57170aca elementor-widget elementor-widget-text-editor\" data-id=\"57170aca\" data-element_type=\"widget\" data-widget_type=\"text-editor.default\">\n\t\t\t\t<div class=\"elementor-widget-container\">\n\t\t\t\t\t\t\t\t\t\n<p><strong>Oportunitatea\u00a0<\/strong>acestui program masteral deriv\u0103 din faptul c\u0103, \u020bn actualul context economico \u2013 social, intern \u0219i interna\u021bional,\u00a0<em>un rol tot mai important se atribuie antreprenoriatului \u0219i sectorului IMM-urilor, ca p\u00e2rghii de dezvoltare a economiilor na\u021bionale<\/em>. Dovad\u0103 \u020bn acest sens, stau programele na\u021bionale \u0219i politicile Uniunii Europene pentru sus\u1e6dinerea antreprenoriatului \u1e63i IMM-urilor.<\/p>\n\n<p>Din aceast\u0103 perspectiv\u0103,\u00a0<strong>misiunea programului\u00a0<\/strong>const\u0103 \u00een dezvoltarea abilit\u0103\u0163ilor \u015fi competen\u0163elor \u00een domeniul antreprenoriatului \u015fi administr\u0103rii \u015fi dezvolt\u0103rii afacerilor.<br \/><strong>Obiectivul general\u00a0<\/strong>al programului \u00eel constituie formarea de speciali\u015fti\u00a0<em>capabili s\u0103 creeze \u015fi s\u0103 conduc\u0103 o afacere proprie\u00a0<\/em>sau s\u0103 opteze pentru o\u00a0<em>carier\u0103 managerial\u0103 \u00een organiza\u0163ii private sau publice<\/em>, \u00een orice domeniu al economiei de pia\u0163\u0103, din \u0163ar\u0103 sau din str\u0103in\u0103tate,\u00a0<em>conform standardelor Uniunii Europene<\/em>.<\/p>\n<div class='yrm-content yrm-content-13 yrm-content-hide' id='yrm-bYhI8' data-id='13' data-show-status='false' data-after-action='' style=\"visibility: hidden;height: 0;\">\n<div id='yrm-inner-content-yrm-bYhI8' class='yrm-inner-content-wrapper yrm-cntent-13'>\n<p>\u00cen scopul \u00eendeplinirii misiunii propuse, programul masteral \u201eAntreprenoriat \u015fi administrarea afacerilor\u201d, \u00ee\u0219i propune urm\u0103toarele\u00a0<strong>obiective specifice<\/strong>:<br \/>\u2013 dezvoltarea competen\u0163elor privind ini\u0163ierea, planificarea \u015fi administrarea activit\u0103\u0163ilor antreprenoriale;<br \/>\u2013 \u00eensu\u015firea modului de cercetare, documentare \u015fi raportare \u00een domeniul afacerilor;<br \/>\u2013 dob\u00e2ndirea competen\u0163elor privind elaborarea, implementarea \u015fi controlul strategiei de afaceri;<br \/>\u2013 \u00eensu\u015firea \u015fi aprofundarea instrumentelor \u015fi tehnicilor specifice domeniului administr\u0103rii afacerilor \u015fi dezvoltarea abilit\u0103\u0163ilor de utilizare a acestora \u00een practic\u0103;<br \/>\u2013 dezvoltarea abilit\u0103\u0163ilor de comunicare cu to\u0163i cei implica\u0163i \u00een desf\u0103\u015furarea activit\u0103\u0163ii unei \u00eentreprinderi;<br \/>\u2013 dezvoltarea capacit\u0103\u0163ii de a lua decizii manageriale \u00een condi\u0163ii de risc, g\u0103sirea de solu\u0163ii creative pentru atenuarea conflictelor care apar \u00een mediul organiza\u0163ional intern \u015fi extern;<br \/>\u2013 dezvoltarea de abilit\u0103\u021bi \u00een domeniul tehnologiei informa\u021biei pentru speciali\u0219tii din domeniul afacerilor, astfel \u00eenc\u00e2t presta\u021biile acestora \u00een cadrul entit\u0103\u021bilor economice s\u0103 corespund\u0103 exigen\u0163elor la nivel interna\u0163ional.<\/p>\n<p>\u00cen vederea atingerii obiectivelor \u015fi misiunii programului de studii de masterat \u201eAntreprenoriat \u015fi administrarea afacerilor\u201d,\u00a0<strong>structura planului de \u00eenv\u0103\u0163\u0103m\u00e2nt\u00a0<\/strong>realizeaz\u0103 o \u00eembinare a cuno\u015ftin\u0163elor de antreprenoriat \u015fi dezvoltarea afacerilor, comportament organiza\u0163ional \u015fi al afacerilor, dreptul afacerilor, strategii de marketing, finan\u0163area afacerilor, managementul proiectelor pentru dezvoltarea afacerilor, managementul riscurilor financiare, sisteme informatice pentru afaceri, strategii de optimizare fiscal\u0103 a afacerii, raportare \u015fi analiz\u0103 financiar\u0103, prognoz\u0103 \u00een afaceri, corelate cu cerin\u0163ele actuale ale economiei mondiale.<\/p>\n<p>Programul de studii prevede, pe l\u00e2ng\u0103 activit\u0103\u0163ile individuale de cercetare,\u00a0<em>antrenarea \u015fi atragerea masteranzilor \u00een activitatea de cercetare \u015ftiin\u0163ific\u0103\u00a0<\/em>desf\u0103\u015furat\u0103 \u00een cadrul Centrului de cercetare al facult\u0103\u0163ii, prin particip\u0103ri la mese rotunde \u015fi sesiuni \u015ftiin\u0163ifice, na\u0163ionale \u015fi interna\u0163ionale, organizate de Universitatea \u201cNicolae Titulescu din Bucure\u0219ti\u201d \u020bn\u00a0<em>colaborare cu alte institu\u0163ii din mediul academic \u015fi de afaceri<\/em>.<strong>\u00centreb\u0103ri frecvente<\/strong><\/p>\n<p><strong>Care este titlul ob\u0163inut la absolvire?<\/strong><br \/>Master \u00een domeniul Administrarea Afacerilor.<\/p>\n<p><strong>Cui se adreseaz\u0103 programul de studii masterale \u201eAntreprenoriat \u0219i Administrarea Afacerilor\u201d?<\/strong><br \/>Cursurile acestui program de master se adreseaz\u0103 persoanelor care doresc s\u0103 creeze \u015fi s\u0103 conduc\u0103 o afacere proprie sau s\u0103 opteze pentru o carier\u0103 managerial\u0103 \u00een organiza\u0163ii private sau publice, \u00een orice domeniu de activitate.<\/p>\n<p><strong>Care este durata studiilor \u015fi num\u0103rul creditelor?<\/strong><br \/>Durata studiilor este de 2 ani \u015fi sunt 120 de credite transferabile.<\/p>\n<p><strong>Care sunt func\u0163iile sau profesiile pe care absolven\u0163ii programului de studii masterale \u201eAntreprenoriat \u0219i Administrarea Afacerilor\u201d le pot ocupa?<\/strong><br \/>Absolven\u0163ii programului \u201eAntreprenoriat \u0219i Administrarea Afacerilor\u201d vor putea s\u0103 exercite profesiile de director societate comercial\u0103, director economic, director incubator tehnologic de afaceri, manager general, antreprenor in economia social\u0103, manager de \u020bntreprindere social\u0103, manager de inovare, consilier\/expert\/inspector\/referent\/economist \u020bn management, conduc\u0103tor de firm\u0103 mic\u0103, specilist \u020bn planificarea controlul \u0219i raportarea performan\u021bei economice, administrator societate comercial\u0103, etc.<br \/>\u00a0<strong>Ofert\u0103 educa\u0163ional\u0103<\/strong><\/p>\n<p>50 de locuri<br \/>4 semestre<br \/>120 credite<\/p>\n<\/div><\/div>\n<div class='yrm-btn-wrapper yrm-btn-wrapper-13 yrm-more-button-wrapper  '\n\t\tdata-custom-more-class-name='' data-custom-less-class-name=''><span title='' data-less-title='' data-more-title='' class='yrm-toggle-expand  yrm-toggle-expand-13 ' data-rel='yrm-bYhI8' data-more='Mai mult' data-less='Mai pu\u021bin'><span class='yrm-text-wrapper yrm-text-wrapper-custom-dimensions'><span class=\"yrm-button-text-13 yrm-button-text-span\">Mai mult<\/span><\/span><\/span><\/div><\/p>\n\t\t\t\t\t\t\t\t<\/div>\n\t\t\t\t<\/div>\n\t\t\t\t\t<\/div>\n\t\t<\/div>\n\t\t\t\t\t<\/div>\n\t\t<\/section>\n\t\t\t\t<section class=\"elementor-section elementor-top-section elementor-element elementor-element-5316b0e elementor-section-boxed elementor-section-height-default elementor-section-height-default\" data-id=\"5316b0e\" data-element_type=\"section\">\n\t\t\t\t\t\t<div class=\"elementor-container elementor-column-gap-default\">\n\t\t\t\t\t<div class=\"elementor-column elementor-col-100 elementor-top-column elementor-element elementor-element-ca5bd40\" data-id=\"ca5bd40\" data-element_type=\"column\">\n\t\t\t<div class=\"elementor-widget-wrap elementor-element-populated\">\n\t\t\t\t\t\t<div class=\"elementor-element elementor-element-82c7514 elementor-widget elementor-widget-html\" data-id=\"82c7514\" data-element_type=\"widget\" data-widget_type=\"html.default\">\n\t\t\t\t<div class=\"elementor-widget-container\">\n\t\t\t\t\t<script> \r\njQuery(document).ready(function($) { \r\nvar delay = 100; setTimeout(function() { \r\n$('.elementor-tab-title').removeClass('elementor-active');\r\n $('.elementor-tab-content').css('display', 'none'); }, delay); \r\n}); \r\n<\/script>\t\t\t\t<\/div>\n\t\t\t\t<\/div>\n\t\t\t\t\t<\/div>\n\t\t<\/div>\n\t\t\t\t\t<\/div>\n\t\t<\/section>\n\t\t\t\t<\/div>\n\t\t","protected":false},"excerpt":{"rendered":"<p>A fost postat orarul! \u00cen perioada 16-20 februarie se vor desf\u0103\u0219ura doar cursurile. Seminarele se vor desf\u0103\u0219ura \u00eencep\u00e2nd cu data &hellip; <\/p>\n","protected":false},"author":1,"featured_media":0,"parent":112,"menu_order":0,"comment_status":"closed","ping_status":"closed","template":"","meta":{"_mi_skip_tracking":false,"_monsterinsights_sitenote_active":false,"_monsterinsights_sitenote_note":"","_monsterinsights_sitenote_category":0,"footnotes":""},"class_list":["post-118","page","type-page","status-publish","hentry"],"_links":{"self":[{"href":"https:\/\/www.univnt.ro\/index.php\/wp-json\/wp\/v2\/pages\/118","targetHints":{"allow":["GET"]}}],"collection":[{"href":"https:\/\/www.univnt.ro\/index.php\/wp-json\/wp\/v2\/pages"}],"about":[{"href":"https:\/\/www.univnt.ro\/index.php\/wp-json\/wp\/v2\/types\/page"}],"author":[{"embeddable":true,"href":"https:\/\/www.univnt.ro\/index.php\/wp-json\/wp\/v2\/users\/1"}],"replies":[{"embeddable":true,"href":"https:\/\/www.univnt.ro\/index.php\/wp-json\/wp\/v2\/comments?post=118"}],"version-history":[{"count":269,"href":"https:\/\/www.univnt.ro\/index.php\/wp-json\/wp\/v2\/pages\/118\/revisions"}],"predecessor-version":[{"id":13617,"href":"https:\/\/www.univnt.ro\/index.php\/wp-json\/wp\/v2\/pages\/118\/revisions\/13617"}],"up":[{"embeddable":true,"href":"https:\/\/www.univnt.ro\/index.php\/wp-json\/wp\/v2\/pages\/112"}],"wp:attachment":[{"href":"https:\/\/www.univnt.ro\/index.php\/wp-json\/wp\/v2\/media?parent=118"}],"curies":[{"name":"wp","href":"https:\/\/api.w.org\/{rel}","templated":true}]}}