{"id":1181,"date":"2020-08-17T12:18:40","date_gmt":"2020-08-17T12:18:40","guid":{"rendered":"http:\/\/www.univnt.ro\/?page_id=1181"},"modified":"2025-12-16T11:50:45","modified_gmt":"2025-12-16T11:50:45","slug":"ghid-student","status":"publish","type":"page","link":"https:\/\/www.univnt.ro\/index.php\/departament-id\/ghid-student\/","title":{"rendered":"GHID STUDENT"},"content":{"rendered":"\t\t<div data-elementor-type=\"wp-page\" data-elementor-id=\"1181\" class=\"elementor elementor-1181\" data-elementor-post-type=\"page\">\n\t\t\t\t\t\t<section class=\"elementor-section elementor-top-section elementor-element elementor-element-b2d6e9a elementor-section-boxed elementor-section-height-default elementor-section-height-default\" data-id=\"b2d6e9a\" data-element_type=\"section\">\n\t\t\t\t\t\t<div class=\"elementor-container elementor-column-gap-default\">\n\t\t\t\t\t<div class=\"elementor-column elementor-col-100 elementor-top-column elementor-element elementor-element-12dc3a7\" data-id=\"12dc3a7\" data-element_type=\"column\">\n\t\t\t<div class=\"elementor-widget-wrap elementor-element-populated\">\n\t\t\t\t\t\t<div class=\"elementor-element elementor-element-a2282c6 elementor-widget elementor-widget-heading\" data-id=\"a2282c6\" data-element_type=\"widget\" data-widget_type=\"heading.default\">\n\t\t\t\t<div class=\"elementor-widget-container\">\n\t\t\t\t\t<h2 class=\"elementor-heading-title elementor-size-default\">Ghid Student<\/h2>\t\t\t\t<\/div>\n\t\t\t\t<\/div>\n\t\t\t\t\t<\/div>\n\t\t<\/div>\n\t\t\t\t\t<\/div>\n\t\t<\/section>\n\t\t\t\t<section class=\"elementor-section elementor-top-section elementor-element elementor-element-a10032e elementor-section-boxed elementor-section-height-default elementor-section-height-default\" data-id=\"a10032e\" data-element_type=\"section\">\n\t\t\t\t\t\t<div class=\"elementor-container elementor-column-gap-default\">\n\t\t\t\t\t<div class=\"elementor-column elementor-col-100 elementor-top-column elementor-element elementor-element-fa1a01f\" data-id=\"fa1a01f\" data-element_type=\"column\">\n\t\t\t<div class=\"elementor-widget-wrap elementor-element-populated\">\n\t\t\t\t\t\t<div class=\"elementor-element elementor-element-4fbc9c9 elementor-widget elementor-widget-text-editor\" data-id=\"4fbc9c9\" data-element_type=\"widget\" data-widget_type=\"text-editor.default\">\n\t\t\t\t<div class=\"elementor-widget-container\">\n\t\t\t\t\t\t\t\t\t<p>Modul concret de desf\u0103\u015furare a activit\u0103\u0163ilor din cadrul programului ID implic\u0103 descrierea con\u0163inutului principalelor etape ale acestuia, dup\u0103 cum urmeaz\u0103 :<br \/>\u00a0<\/p>\t\t\t\t\t\t\t\t<\/div>\n\t\t\t\t<\/div>\n\t\t\t\t\t<\/div>\n\t\t<\/div>\n\t\t\t\t\t<\/div>\n\t\t<\/section>\n\t\t\t\t<section class=\"elementor-section elementor-top-section elementor-element elementor-element-f4d6d8f elementor-section-boxed elementor-section-height-default elementor-section-height-default\" data-id=\"f4d6d8f\" data-element_type=\"section\">\n\t\t\t\t\t\t<div class=\"elementor-container elementor-column-gap-default\">\n\t\t\t\t\t<div class=\"elementor-column elementor-col-100 elementor-top-column elementor-element elementor-element-dce03a8\" data-id=\"dce03a8\" data-element_type=\"column\">\n\t\t\t<div class=\"elementor-widget-wrap elementor-element-populated\">\n\t\t\t\t\t\t<div class=\"elementor-element elementor-element-c023917 elementor-widget elementor-widget-accordion\" data-id=\"c023917\" data-element_type=\"widget\" data-widget_type=\"accordion.default\">\n\t\t\t\t<div class=\"elementor-widget-container\">\n\t\t\t\t\t\t\t<div class=\"elementor-accordion\">\n\t\t\t\t\t\t\t<div class=\"elementor-accordion-item\">\n\t\t\t\t\t<div id=\"elementor-tab-title-2011\" class=\"elementor-tab-title\" data-tab=\"1\" role=\"button\" aria-controls=\"elementor-tab-content-2011\" aria-expanded=\"false\">\n\t\t\t\t\t\t\t\t\t\t\t\t\t<span class=\"elementor-accordion-icon elementor-accordion-icon-left\" aria-hidden=\"true\">\n\t\t\t\t\t\t\t\t\t\t\t\t\t\t\t<span class=\"elementor-accordion-icon-closed\"><i class=\"fas fa-plus\"><\/i><\/span>\n\t\t\t\t\t\t\t\t<span class=\"elementor-accordion-icon-opened\"><i class=\"fas fa-minus\"><\/i><\/span>\n\t\t\t\t\t\t\t\t\t\t\t\t\t\t<\/span>\n\t\t\t\t\t\t\t\t\t\t\t\t<a class=\"elementor-accordion-title\" tabindex=\"0\">Distribuirea materialelor de studiu<\/a>\n\t\t\t\t\t<\/div>\n\t\t\t\t\t<div id=\"elementor-tab-content-2011\" class=\"elementor-tab-content elementor-clearfix\" data-tab=\"1\" role=\"region\" aria-labelledby=\"elementor-tab-title-2011\"><p>Se realizeaza prin intermediul platformei eLis unde fiecare student are acces pe baza unui username si unei parole generate de catre universitate<\/p><\/div>\n\t\t\t\t<\/div>\n\t\t\t\t\t\t\t<div class=\"elementor-accordion-item\">\n\t\t\t\t\t<div id=\"elementor-tab-title-2012\" class=\"elementor-tab-title\" data-tab=\"2\" role=\"button\" aria-controls=\"elementor-tab-content-2012\" aria-expanded=\"false\">\n\t\t\t\t\t\t\t\t\t\t\t\t\t<span class=\"elementor-accordion-icon elementor-accordion-icon-left\" aria-hidden=\"true\">\n\t\t\t\t\t\t\t\t\t\t\t\t\t\t\t<span class=\"elementor-accordion-icon-closed\"><i class=\"fas fa-plus\"><\/i><\/span>\n\t\t\t\t\t\t\t\t<span class=\"elementor-accordion-icon-opened\"><i class=\"fas fa-minus\"><\/i><\/span>\n\t\t\t\t\t\t\t\t\t\t\t\t\t\t<\/span>\n\t\t\t\t\t\t\t\t\t\t\t\t<a class=\"elementor-accordion-title\" tabindex=\"0\">Modul de comunicare \u00eentre cursan\u0163i \u015fi tutori<\/a>\n\t\t\t\t\t<\/div>\n\t\t\t\t\t<div id=\"elementor-tab-content-2012\" class=\"elementor-tab-content elementor-clearfix\" data-tab=\"2\" role=\"region\" aria-labelledby=\"elementor-tab-title-2012\"><p>Prima form\u0103 de tutoriat se realizeaz\u0103 \u00een prima etap\u0103, preponderent sub forma \u00eent\u00e2lnirilor directe. Acestea sunt programate la interval de 2 \u2013 3 s\u0103pt\u0103m\u00e2ni pentru fiecare disciplin\u0103, conform centralizatoarelor activit\u0103\u0163ii studen\u0163ilor.<\/p>\n<p>Pentru cea de-a doua form\u0103 de tutoriat, cel individual, \u00een cadrul fiec\u0103rei discipline, studentul poate lua leg\u0103tura cu tutorele sau cu oricare dintre cadrele didactice asociate disciplinei respective, trimi\u0163\u00e2nd pe adresa acestora un e-mail. Mesajul va ajunge la cadrele didactice, at\u00e2t pe adresa lor de e-mail, c\u00e2t \u015fi pe contul lor de pe eLis, profesorul put\u00e2nd r\u0103spunde la acest mesaj fie prin intermediul portalului (mesajul va ap\u0103rea pe contul studentului), fie prin e-mail (pe adresa furnizat\u0103 de student.<\/p>\n<p>Tot prin intermediul platformei eLis, studentul poate solicita informa\u0163ii sau poate comunica prin trimiterea de mesaje, acestea ajung\u00e2nd at\u00e2t pe adresa de e-mail\u00a0<a href=\"https:\/\/web.archive.org\/web\/20250804120910\/mailto:office@univnt.ro\">office@univnt.ro<\/a>, c\u00e2t \u015fi pe adresa de e-mail a secretariatului de care apar\u0163ine studentul. Mesajul ajunge pe portal \u015fi la fiecare secretar\u0103 \u00een parte a facult\u0103\u0163ii de care apar\u0163ine studentul \u015fi aceasta \u00eei poate r\u0103spunde fie prin e-mail, fie prin portal, unde se va p\u0103stra \u00een arhiv\u0103 firul discu\u0163iei.<\/p><\/div>\n\t\t\t\t<\/div>\n\t\t\t\t\t\t\t<div class=\"elementor-accordion-item\">\n\t\t\t\t\t<div id=\"elementor-tab-title-2013\" class=\"elementor-tab-title\" data-tab=\"3\" role=\"button\" aria-controls=\"elementor-tab-content-2013\" aria-expanded=\"false\">\n\t\t\t\t\t\t\t\t\t\t\t\t\t<span class=\"elementor-accordion-icon elementor-accordion-icon-left\" aria-hidden=\"true\">\n\t\t\t\t\t\t\t\t\t\t\t\t\t\t\t<span class=\"elementor-accordion-icon-closed\"><i class=\"fas fa-plus\"><\/i><\/span>\n\t\t\t\t\t\t\t\t<span class=\"elementor-accordion-icon-opened\"><i class=\"fas fa-minus\"><\/i><\/span>\n\t\t\t\t\t\t\t\t\t\t\t\t\t\t<\/span>\n\t\t\t\t\t\t\t\t\t\t\t\t<a class=\"elementor-accordion-title\" tabindex=\"0\">Modul de desf\u0103\u015furare a activit\u0103\u0163ilor tutoriale \u015fi asistate<\/a>\n\t\t\t\t\t<\/div>\n\t\t\t\t\t<div id=\"elementor-tab-content-2013\" class=\"elementor-tab-content elementor-clearfix\" data-tab=\"3\" role=\"region\" aria-labelledby=\"elementor-tab-title-2013\"><p>Activit\u0103\u0163ile tutoriale \u015fi asistate sunt programate la \u00eenceput de semestru, sistematizate \u00een\u00a0<strong>centralizatorul activit\u0103\u0163ilor studentului<\/strong>\u00a0\u015fi afi\u015fate \u00een form\u0103 scris\u0103 sau\/\u015fi electronic\u0103.<\/p>\n<p>Pentru fiecare disciplin\u0103 \u00een parte se realizeaz\u0103 \u00eemp\u0103r\u0163irea materiei potrivit \u00eent\u00e2lnirilor stabilite \u00een centralizator, precum \u015fi modalitatea de verificare: pe parcurs prin lucr\u0103ri de control (referate, aplica\u0163ii) \u015fi final\u0103 (colocviu, examen). Aceste informa\u0163ii se reg\u0103sesc \u00een\u00a0<strong>calendarul disciplinei<\/strong>, care este prezentat \u00een format electronic.<\/p><\/div>\n\t\t\t\t<\/div>\n\t\t\t\t\t\t\t<div class=\"elementor-accordion-item\">\n\t\t\t\t\t<div id=\"elementor-tab-title-2014\" class=\"elementor-tab-title\" data-tab=\"4\" role=\"button\" aria-controls=\"elementor-tab-content-2014\" aria-expanded=\"false\">\n\t\t\t\t\t\t\t\t\t\t\t\t\t<span class=\"elementor-accordion-icon elementor-accordion-icon-left\" aria-hidden=\"true\">\n\t\t\t\t\t\t\t\t\t\t\t\t\t\t\t<span class=\"elementor-accordion-icon-closed\"><i class=\"fas fa-plus\"><\/i><\/span>\n\t\t\t\t\t\t\t\t<span class=\"elementor-accordion-icon-opened\"><i class=\"fas fa-minus\"><\/i><\/span>\n\t\t\t\t\t\t\t\t\t\t\t\t\t\t<\/span>\n\t\t\t\t\t\t\t\t\t\t\t\t<a class=\"elementor-accordion-title\" tabindex=\"0\">Modul de verificare pe parcurs \u015fi de evaluare final\u0103 prin examen<\/a>\n\t\t\t\t\t<\/div>\n\t\t\t\t\t<div id=\"elementor-tab-content-2014\" class=\"elementor-tab-content elementor-clearfix\" data-tab=\"4\" role=\"region\" aria-labelledby=\"elementor-tab-title-2014\"><p>Sistemul de evaluare a cuno\u015ftin\u0163elor pentru promovarea disciplinelor \u015fi acordarea creditelor include at\u00e2t procedurile de evaluare continu\u0103, pe parcursul semestrului, c\u00e2t \u015fi procedura de evaluare final\u0103. Fiecare coordonator de disciplin\u0103 determin\u0103 con\u0163inutul \u015fi punctajul\/ponderea formelor specifice de evaluare continu\u0103, select\u00e2nd toate sau o parte din urm\u0103toarele tipuri de activit\u0103\u0163i:<\/p>\n<p>\u2013 activit\u0103\u0163i aplicative asistate\/laborator\/lucr\u0103ri practice\/proiect<\/p>\n<p>\u2013 teste pe parcursul semestrului<\/p>\n<p>\u2013 teme de control<\/p>\n<p>Parcurgerea acestor modalit\u0103\u0163i de verificare o realizeaz\u0103 pentru fiecare disciplin\u0103 tutorele sau tutorii desemna\u0163i, prin consultare permanent\u0103 cu coordonatorul de disciplin\u0103. Rezultatele ob\u0163inute vor fi accesibile studen\u0163ilor prin intermediul platformei eLis.<\/p>\n<p>Evaluarea final\u0103 se face prin examen, colocviu sau lucr\u0103ri practice sus\u0163inute conform program\u0103rii din calendarul disciplinei, obligatoriu \u00een prezen\u0163a coordonatorului de disciplin\u0103 \u015fi a tutorilor. La nota ob\u0163inut\u0103 se adaug\u0103, cu ponderea respectiv\u0103, rezultatele ob\u0163inute de student la activit\u0103\u0163ile de evaluare continu\u0103.<\/p><\/div>\n\t\t\t\t<\/div>\n\t\t\t\t\t\t\t\t<\/div>\n\t\t\t\t\t\t<\/div>\n\t\t\t\t<\/div>\n\t\t\t\t\t<\/div>\n\t\t<\/div>\n\t\t\t\t\t<\/div>\n\t\t<\/section>\n\t\t\t\t<section class=\"elementor-section elementor-top-section elementor-element elementor-element-65315b7 elementor-section-boxed elementor-section-height-default elementor-section-height-default\" data-id=\"65315b7\" data-element_type=\"section\">\n\t\t\t\t\t\t<div class=\"elementor-container elementor-column-gap-default\">\n\t\t\t\t\t<div class=\"elementor-column elementor-col-100 elementor-top-column elementor-element elementor-element-3dd68ec\" data-id=\"3dd68ec\" data-element_type=\"column\">\n\t\t\t<div class=\"elementor-widget-wrap elementor-element-populated\">\n\t\t\t\t\t\t<div class=\"elementor-element elementor-element-bfe568e elementor-widget elementor-widget-text-editor\" data-id=\"bfe568e\" data-element_type=\"widget\" data-widget_type=\"text-editor.default\">\n\t\t\t\t<div class=\"elementor-widget-container\">\n\t\t\t\t\t\t\t\t\t<p><strong>\u00cenv\u0103\u0163\u0103m\u00e2ntului la distan\u0163\u0103 i se aplic\u0103 un sistem de credite similar cu cel aplicat \u00eenv\u0103\u0163\u0103m\u00e2ntului de zi.<\/strong><\/p>\t\t\t\t\t\t\t\t<\/div>\n\t\t\t\t<\/div>\n\t\t\t\t\t<\/div>\n\t\t<\/div>\n\t\t\t\t\t<\/div>\n\t\t<\/section>\n\t\t\t\t<section class=\"elementor-section elementor-top-section elementor-element elementor-element-110b040 elementor-section-boxed elementor-section-height-default elementor-section-height-default\" data-id=\"110b040\" data-element_type=\"section\">\n\t\t\t\t\t\t<div class=\"elementor-container elementor-column-gap-default\">\n\t\t\t\t\t<div class=\"elementor-column elementor-col-100 elementor-top-column elementor-element elementor-element-72485c8\" data-id=\"72485c8\" data-element_type=\"column\">\n\t\t\t<div class=\"elementor-widget-wrap elementor-element-populated\">\n\t\t\t\t\t\t<div class=\"elementor-element elementor-element-a93d259 elementor-widget elementor-widget-html\" data-id=\"a93d259\" data-element_type=\"widget\" data-widget_type=\"html.default\">\n\t\t\t\t<div class=\"elementor-widget-container\">\n\t\t\t\t\t<script> \r\njQuery(document).ready(function($) { \r\nvar delay = 100; setTimeout(function() { \r\n$('.elementor-tab-title').removeClass('elementor-active');\r\n $('.elementor-tab-content').css('display', 'none'); }, delay); \r\n}); \r\n<\/script>\t\t\t\t<\/div>\n\t\t\t\t<\/div>\n\t\t\t\t\t<\/div>\n\t\t<\/div>\n\t\t\t\t\t<\/div>\n\t\t<\/section>\n\t\t\t\t<\/div>\n\t\t","protected":false},"excerpt":{"rendered":"<p>Ghid Student Modul concret de desf\u0103\u015furare a activit\u0103\u0163ilor din cadrul programului ID implic\u0103 descrierea con\u0163inutului principalelor etape ale acestuia, dup\u0103 &hellip; <\/p>\n","protected":false},"author":1,"featured_media":0,"parent":304,"menu_order":0,"comment_status":"closed","ping_status":"closed","template":"","meta":{"_mi_skip_tracking":false,"_monsterinsights_sitenote_active":false,"_monsterinsights_sitenote_note":"","_monsterinsights_sitenote_category":0,"footnotes":""},"class_list":["post-1181","page","type-page","status-publish","hentry"],"_links":{"self":[{"href":"https:\/\/www.univnt.ro\/index.php\/wp-json\/wp\/v2\/pages\/1181","targetHints":{"allow":["GET"]}}],"collection":[{"href":"https:\/\/www.univnt.ro\/index.php\/wp-json\/wp\/v2\/pages"}],"about":[{"href":"https:\/\/www.univnt.ro\/index.php\/wp-json\/wp\/v2\/types\/page"}],"author":[{"embeddable":true,"href":"https:\/\/www.univnt.ro\/index.php\/wp-json\/wp\/v2\/users\/1"}],"replies":[{"embeddable":true,"href":"https:\/\/www.univnt.ro\/index.php\/wp-json\/wp\/v2\/comments?post=1181"}],"version-history":[{"count":12,"href":"https:\/\/www.univnt.ro\/index.php\/wp-json\/wp\/v2\/pages\/1181\/revisions"}],"predecessor-version":[{"id":13160,"href":"https:\/\/www.univnt.ro\/index.php\/wp-json\/wp\/v2\/pages\/1181\/revisions\/13160"}],"up":[{"embeddable":true,"href":"https:\/\/www.univnt.ro\/index.php\/wp-json\/wp\/v2\/pages\/304"}],"wp:attachment":[{"href":"https:\/\/www.univnt.ro\/index.php\/wp-json\/wp\/v2\/media?parent=1181"}],"curies":[{"name":"wp","href":"https:\/\/api.w.org\/{rel}","templated":true}]}}