{"id":12711,"date":"2025-11-10T07:08:58","date_gmt":"2025-11-10T07:08:58","guid":{"rendered":"https:\/\/www.univnt.ro\/?page_id=12711"},"modified":"2025-11-10T10:55:05","modified_gmt":"2025-11-10T10:55:05","slug":"execrim","status":"publish","type":"page","link":"https:\/\/www.univnt.ro\/index.php\/cercetare-stiintifica\/execrim\/","title":{"rendered":"EXECRIM"},"content":{"rendered":"\t\t<div data-elementor-type=\"wp-page\" data-elementor-id=\"12711\" class=\"elementor elementor-12711\" data-elementor-post-type=\"page\">\n\t\t\t\t\t\t<section class=\"elementor-section elementor-top-section elementor-element elementor-element-0110fc5 elementor-section-boxed elementor-section-height-default elementor-section-height-default\" data-id=\"0110fc5\" data-element_type=\"section\">\n\t\t\t\t\t\t<div class=\"elementor-container elementor-column-gap-default\">\n\t\t\t\t\t<div class=\"elementor-column elementor-col-100 elementor-top-column elementor-element elementor-element-0dc19af\" data-id=\"0dc19af\" data-element_type=\"column\">\n\t\t\t<div class=\"elementor-widget-wrap elementor-element-populated\">\n\t\t\t\t\t\t<div class=\"elementor-element elementor-element-679424e elementor-widget elementor-widget-heading\" data-id=\"679424e\" data-element_type=\"widget\" data-widget_type=\"heading.default\">\n\t\t\t\t<div class=\"elementor-widget-container\">\n\t\t\t\t\t<h1 class=\"elementor-heading-title elementor-size-default\">Conferin\u021ba Interna\u021bional\u0103 de Drept Execu\u021bional Penal \u0219i Criminologie - EXECRIM<\/h1>\t\t\t\t<\/div>\n\t\t\t\t<\/div>\n\t\t\t\t\t<\/div>\n\t\t<\/div>\n\t\t\t\t\t<\/div>\n\t\t<\/section>\n\t\t\t\t<section class=\"elementor-section elementor-top-section elementor-element elementor-element-9cc8d5f elementor-section-full_width elementor-section-height-default elementor-section-height-default\" data-id=\"9cc8d5f\" data-element_type=\"section\">\n\t\t\t\t\t\t<div class=\"elementor-container elementor-column-gap-default\">\n\t\t\t\t\t<div class=\"elementor-column elementor-col-100 elementor-top-column elementor-element elementor-element-8ac4d6d\" data-id=\"8ac4d6d\" data-element_type=\"column\">\n\t\t\t<div class=\"elementor-widget-wrap elementor-element-populated\">\n\t\t\t\t\t\t<div class=\"elementor-element elementor-element-c75cea8 elementor-tabs-view-horizontal elementor-widget elementor-widget-tabs\" data-id=\"c75cea8\" data-element_type=\"widget\" data-widget_type=\"tabs.default\">\n\t\t\t\t<div class=\"elementor-widget-container\">\n\t\t\t\t\t\t\t<div class=\"elementor-tabs\">\n\t\t\t<div class=\"elementor-tabs-wrapper\" role=\"tablist\" >\n\t\t\t\t\t\t\t\t\t<div id=\"elementor-tab-title-2091\" class=\"elementor-tab-title elementor-tab-desktop-title\" aria-selected=\"true\" data-tab=\"1\" role=\"tab\" tabindex=\"0\" aria-controls=\"elementor-tab-content-2091\" aria-expanded=\"false\">Despre conferin\u021b\u0103 \u0219i scop<\/div>\n\t\t\t\t\t\t\t\t\t<div id=\"elementor-tab-title-2092\" class=\"elementor-tab-title elementor-tab-desktop-title\" aria-selected=\"false\" data-tab=\"2\" role=\"tab\" tabindex=\"-1\" aria-controls=\"elementor-tab-content-2092\" aria-expanded=\"false\">Program<\/div>\n\t\t\t\t\t\t\t\t\t<div id=\"elementor-tab-title-2093\" class=\"elementor-tab-title elementor-tab-desktop-title\" aria-selected=\"false\" data-tab=\"3\" role=\"tab\" tabindex=\"-1\" aria-controls=\"elementor-tab-content-2093\" aria-expanded=\"false\">Reguli de tehnoredactare<\/div>\n\t\t\t\t\t\t\t\t\t<div id=\"elementor-tab-title-2094\" class=\"elementor-tab-title elementor-tab-desktop-title\" aria-selected=\"false\" data-tab=\"4\" role=\"tab\" tabindex=\"-1\" aria-controls=\"elementor-tab-content-2094\" aria-expanded=\"false\">Revista EXECRIM<\/div>\n\t\t\t\t\t\t\t<\/div>\n\t\t\t<div class=\"elementor-tabs-content-wrapper\" role=\"tablist\" aria-orientation=\"vertical\">\n\t\t\t\t\t\t\t\t\t<div class=\"elementor-tab-title elementor-tab-mobile-title\" aria-selected=\"true\" data-tab=\"1\" role=\"tab\" tabindex=\"0\" aria-controls=\"elementor-tab-content-2091\" aria-expanded=\"false\">Despre conferin\u021b\u0103 \u0219i scop<\/div>\n\t\t\t\t\t<div id=\"elementor-tab-content-2091\" class=\"elementor-tab-content elementor-clearfix\" data-tab=\"1\" role=\"tabpanel\" aria-labelledby=\"elementor-tab-title-2091\" tabindex=\"0\" hidden=\"false\"><p>\u00cen contextul dezvolt\u0103rii cercet\u0103rii juridice \u0219i al consolid\u0103rii dialogului interdisciplinar, avem onoarea de a anunta desf\u0103\u0219urarea \u00a0<strong>primei Conferin\u021b\u0103 Interna\u021bional\u0103 de Drept Execu\u021bional Penal \u0219i Criminologie \u2013 EXECRIM<\/strong>, g\u0103zduit\u0103 cu generozitate de\u00a0<strong>Universitatea Nicolae Titulescu din Bucure\u0219ti<\/strong>. Evenimentul marcheaz\u0103 o etap\u0103 important\u0103 \u00een evolu\u021bia studiilor dedicate execut\u0103rii sanc\u021biunilor penale, integr\u00e2nd \u00een mod firesc dimensiunea criminologic\u0103 \u00een analiza fenomenului execu\u021bional penal.<\/p><p>Timp de decenii, \u00eenainte de 1989, sistemul penitenciar a func\u021bionat \u00eentr-un registru al secretiz\u0103rii absolute: regimurile de executare, condi\u021biile din unit\u0103\u021bile de deten\u021bie \u0219i mecanismele interne erau inaccesibile publicului, iar persoanelor eliberate le era interzis\u0103 divulgarea informa\u021biilor privind mediul carceral. Execu\u021bia pedepselor reprezenta un domeniu \u201e\u00eenchis\u201d, lipsit de mecanisme de control democratic \u0219i de posibilitatea unei evalu\u0103ri \u0219tiin\u021bifice autentice.<\/p><p>Perioada post-1989 a reprezentat \u00eens\u0103 un moment de inflexiune \u00een sensul\u00a0<strong>transparen\u021bei, moderniz\u0103rii \u0219i alinierii la standardele interna\u021bionale privind respectarea drepturilor persoanelor private de libertate<\/strong>. Transferul sistemului penitenciar la Ministerul Justi\u021biei \u0219i ini\u021bierea unui amplu program de reform\u0103 au condus la:<\/p><ul><li>elaborarea unui cadru normativ modern (peste 170 de acte normative adoptate \u00een primii ani ai reformei);<\/li><li>umanizarea regimurilor execu\u021bionale;<\/li><li>recunoa\u0219terea drepturilor persoanelor condamnate;<\/li><li>introducerea unor mecanisme de reintegrare social\u0103 \u00een colaborare cu comunitatea, ONG-uri, mediul academic \u0219i profesioni\u0219tii sociali.<\/li><\/ul><p>Aceste transform\u0103ri au permis dezvoltarea \u0219tiin\u021bei criminologice<strong> aplicate spa\u021biului penitenciar<\/strong>, capabil\u0103 s\u0103 analizeze factorii criminogeni, reac\u021bia social\u0103, mecanismele de resocializare \u0219i impactul execu\u021bional asupra recidivei.<\/p><p>A fost elaborat\u0103 noua legisla\u021bie \u00een materia execut\u0103rii pedepselor, finalizat\u0103 dup\u0103 un \u00eendelungat proces tehnic \u0219i doctrinar. Aceast\u0103 perioad\u0103 a consacrat \u00een mediul universitar \u0219i profesional ideea necesit\u0103\u021bii unui domeniu autonom \u2013\u00a0<strong>dreptul execu\u021bional penal<\/strong>\u00a0\u2013 \u00een str\u00e2ns\u0103 leg\u0103tur\u0103 cu:<\/p><ul><li>criminologia,<\/li><li>psihologia judiciar\u0103,<\/li><li>sociologia penal\u0103,<\/li><li>studiile privind pedepsele \u0219i sistemul penitenciar.<\/li><\/ul><p>Inten\u021bia organizatorilor este de a transforma EXECRIM \u00eentr-un\u00a0<strong>eveniment anual interna\u021bional,<\/strong> structurat pe sec\u021biuni tematice precum:<\/p><ul><li>perfec\u021bionarea legisla\u021biei execu\u021bional penale;<\/li><li>garantarea drepturilor persoanelor condamnate;<\/li><li>evolu\u021bia carierei personalului penitenciar;<\/li><li>regimurile execu\u021bionale \u0219i mecanismele de individualizare;<\/li><li>criminologia penitenciar\u0103 \u0219i prevenirea recidivei;<\/li><li>comunicarea dintre sistemul penitenciar \u0219i comunitate;<\/li><li>resocializarea persoanelor private de libertate \u00een cadrul viitoarelor institu\u021bii moderne \u2013\u00a0<em>Institutele de Resocializare<\/em>.<\/li><\/ul><p>Conferin\u021ba EXECRIM urm\u0103re\u0219te consolidarea unei\u00a0<strong>culturi academice moderne a dreptului execu\u021bional penal \u0219i criminologiei<\/strong>, bazate pe cercetare, dialog interdisciplinar, standarde europene \u0219i principii de reintegrare social\u0103. \u00cen centrul viziunii se afl\u0103 ideea c\u0103\u00a0<strong>rolul execut\u0103rii pedepselor nu este deten\u021bia \u00een sine, ci resocializarea \u0219i reducerea recidivei<\/strong>, precum \u0219i <strong>\u00een\u021belegerea fenomenului criminal<\/strong> ca obiectiv fundamental al politicilor penale contemporane.<\/p><\/div>\n\t\t\t\t\t\t\t\t\t<div class=\"elementor-tab-title elementor-tab-mobile-title\" aria-selected=\"false\" data-tab=\"2\" role=\"tab\" tabindex=\"-1\" aria-controls=\"elementor-tab-content-2092\" aria-expanded=\"false\">Program<\/div>\n\t\t\t\t\t<div id=\"elementor-tab-content-2092\" class=\"elementor-tab-content elementor-clearfix\" data-tab=\"2\" role=\"tabpanel\" aria-labelledby=\"elementor-tab-title-2092\" tabindex=\"0\" hidden=\"hidden\"><p><div class=\"_df_book df-lite\" id=\"df_12735\"  data-title=\"program_execrim_2025\" _slug=\"program_execrim_2025\" wpoptions=\"true\" thumbtype=\"\" ><\/div><script class=\"df-shortcode-script\" type=\"application\/javascript\">window.option_df_12735 = {\"outline\":[],\"autoEnableOutline\":\"false\",\"autoEnableThumbnail\":\"false\",\"overwritePDFOutline\":\"false\",\"direction\":\"1\",\"pageSize\":\"0\",\"source\":\"https:\\\/\\\/www.univnt.ro\\\/wp-content\\\/uploads\\\/program-EXECRIM-2025-FINAL-.pdf\",\"wpOptions\":\"true\"}; if(window.DFLIP && window.DFLIP.parseBooks){window.DFLIP.parseBooks();}<\/script><\/p><\/div>\n\t\t\t\t\t\t\t\t\t<div class=\"elementor-tab-title elementor-tab-mobile-title\" aria-selected=\"false\" data-tab=\"3\" role=\"tab\" tabindex=\"-1\" aria-controls=\"elementor-tab-content-2093\" aria-expanded=\"false\">Reguli de tehnoredactare<\/div>\n\t\t\t\t\t<div id=\"elementor-tab-content-2093\" class=\"elementor-tab-content elementor-clearfix\" data-tab=\"3\" role=\"tabpanel\" aria-labelledby=\"elementor-tab-title-2093\" tabindex=\"0\" hidden=\"hidden\"><p><strong>\u00cen curs de actualizare&#8230;<\/strong><\/p><\/div>\n\t\t\t\t\t\t\t\t\t<div class=\"elementor-tab-title elementor-tab-mobile-title\" aria-selected=\"false\" data-tab=\"4\" role=\"tab\" tabindex=\"-1\" aria-controls=\"elementor-tab-content-2094\" aria-expanded=\"false\">Revista EXECRIM<\/div>\n\t\t\t\t\t<div id=\"elementor-tab-content-2094\" class=\"elementor-tab-content elementor-clearfix\" data-tab=\"4\" role=\"tabpanel\" aria-labelledby=\"elementor-tab-title-2094\" tabindex=\"0\" hidden=\"hidden\"><p><strong>\u00cen curs de actualizare&#8230;<\/strong><\/p><\/div>\n\t\t\t\t\t\t\t<\/div>\n\t\t<\/div>\n\t\t\t\t\t\t<\/div>\n\t\t\t\t<\/div>\n\t\t\t\t\t<\/div>\n\t\t<\/div>\n\t\t\t\t\t<\/div>\n\t\t<\/section>\n\t\t\t\t<\/div>\n\t\t","protected":false},"excerpt":{"rendered":"<p>Conferin\u021ba Interna\u021bional\u0103 de Drept Execu\u021bional Penal \u0219i Criminologie &#8211; EXECRIM Despre conferin\u021b\u0103 \u0219i scop Program Reguli de tehnoredactare Revista EXECRIM &hellip; <\/p>\n","protected":false},"author":1,"featured_media":0,"parent":196,"menu_order":0,"comment_status":"closed","ping_status":"closed","template":"","meta":{"_mi_skip_tracking":false,"_monsterinsights_sitenote_active":false,"_monsterinsights_sitenote_note":"","_monsterinsights_sitenote_category":0,"footnotes":""},"class_list":["post-12711","page","type-page","status-publish","hentry"],"_links":{"self":[{"href":"https:\/\/www.univnt.ro\/index.php\/wp-json\/wp\/v2\/pages\/12711","targetHints":{"allow":["GET"]}}],"collection":[{"href":"https:\/\/www.univnt.ro\/index.php\/wp-json\/wp\/v2\/pages"}],"about":[{"href":"https:\/\/www.univnt.ro\/index.php\/wp-json\/wp\/v2\/types\/page"}],"author":[{"embeddable":true,"href":"https:\/\/www.univnt.ro\/index.php\/wp-json\/wp\/v2\/users\/1"}],"replies":[{"embeddable":true,"href":"https:\/\/www.univnt.ro\/index.php\/wp-json\/wp\/v2\/comments?post=12711"}],"version-history":[{"count":32,"href":"https:\/\/www.univnt.ro\/index.php\/wp-json\/wp\/v2\/pages\/12711\/revisions"}],"predecessor-version":[{"id":12750,"href":"https:\/\/www.univnt.ro\/index.php\/wp-json\/wp\/v2\/pages\/12711\/revisions\/12750"}],"up":[{"embeddable":true,"href":"https:\/\/www.univnt.ro\/index.php\/wp-json\/wp\/v2\/pages\/196"}],"wp:attachment":[{"href":"https:\/\/www.univnt.ro\/index.php\/wp-json\/wp\/v2\/media?parent=12711"}],"curies":[{"name":"wp","href":"https:\/\/api.w.org\/{rel}","templated":true}]}}