{"id":134,"date":"2020-07-04T15:12:41","date_gmt":"2020-07-04T15:12:41","guid":{"rendered":"http:\/\/www.univnt.ro\/?page_id=134"},"modified":"2023-06-22T09:07:28","modified_gmt":"2023-06-22T09:07:28","slug":"facultatea-de-relatii-internationale-si-administratie","status":"publish","type":"page","link":"https:\/\/www.univnt.ro\/index.php\/facultati\/facultatea-de-relatii-internationale-si-administratie\/","title":{"rendered":"FACULTATEA DE RELA\u021aII INTERNA\u021aIONALE \u0218I ADMINISTRA\u021aIE"},"content":{"rendered":"\t\t<div data-elementor-type=\"wp-page\" data-elementor-id=\"134\" class=\"elementor elementor-134\" data-elementor-post-type=\"page\">\n\t\t\t\t\t\t<section class=\"elementor-section elementor-top-section elementor-element elementor-element-61b4636f elementor-section-boxed elementor-section-height-default elementor-section-height-default\" data-id=\"61b4636f\" data-element_type=\"section\">\n\t\t\t\t\t\t<div class=\"elementor-container elementor-column-gap-default\">\n\t\t\t\t\t<div class=\"elementor-column elementor-col-100 elementor-top-column elementor-element elementor-element-7752b36c\" data-id=\"7752b36c\" data-element_type=\"column\">\n\t\t\t<div class=\"elementor-widget-wrap elementor-element-populated\">\n\t\t\t\t\t\t<div class=\"elementor-element elementor-element-2c5bdcbf elementor-widget elementor-widget-text-editor\" data-id=\"2c5bdcbf\" data-element_type=\"widget\" data-widget_type=\"text-editor.default\">\n\t\t\t\t<div class=\"elementor-widget-container\">\n\t\t\t\t\t\t\t\t\t\n<figure><div id=\"metaslider-id-809\" style=\"width: 100%;\" class=\"ml-slider-3-50-0 metaslider metaslider-nivo metaslider-809 ml-slider ms-theme-default\" role=\"region\" aria-roledescription=\"Slideshow\" aria-label=\"fria\">\n    <div id=\"metaslider_container_809\">\n        <div class='slider-wrapper theme-default'><div class='ribbon'><\/div><div id='metaslider_809' class='nivoSlider'><img decoding=\"async\" src=\"https:\/\/www.univnt.ro\/wp-content\/uploads\/logo-text-color-untfacultate-relatii-e1596401677627-0x0.jpg\" title=\"logo-text-color-unt+facultate-relatii\" alt=\"\" class=\"slider-809 slide-818\" \/><a href=\"https:\/\/www.univnt.ro\/index.php\/facultati\/facultatea-de-relatii-internationale-si-administratie\/parteneri-facultatea-de-relatii-internationale-si-administratie\/\" target=\"_self\"><img decoding=\"async\" src=\"https:\/\/www.univnt.ro\/wp-content\/uploads\/logo-text-color-untfacultate-relatii-1-0x0.png\" title=\"logo-text-color-unt+facultate-relatii\" alt=\"\" class=\"slider-809 slide-6108\" \/><\/a><\/div><\/div>\n        \n    <\/div>\n<\/div><\/figure>\n\n<h2 class=\"wp-block-heading\">Despre noi<\/h2>\n<hr class=\"wp-block-separator\" \/>\n<p>Facultatea de Rela\u021bii Interna\u021bionale \u0219i Administra\u021bie asigur\u0103 preg\u0103tirea de speciali\u0219ti cu \u00eenalt\u0103 calificare at\u00e2t la nivelul studiilor de licen\u021b\u0103, c\u00e2t \u0219i la nivelul studiilor de masterat.<\/p>\n\n<p>La nivelul studiilor de licen\u021b\u0103 este organizat programul de studii: <strong>Administra\u021bie public\u0103.<\/strong><br \/>La nivelul studiilor de masterat func\u021bioneaz\u0103 dou\u0103 programe de studiu: <strong>Managementul organiza\u0163iilor \u015fi serviciilor publice (MOSP) \u0219i Protec\u021bia Integrit\u0103\u021bii Organiza\u021biilor(PIO)<\/strong>.<\/p>\n\n<p>Absolven\u021bii programelor de studii men\u021bionate mai sus vor putea profesa \u00een cadrul autorit\u0103\u021bilor administra\u021biei publice locale sau centrale, Parlamentului, institu\u021biilor publice, poli\u021biei locale, organiza\u021biilor interna\u021bionale, structurilor Uniunii Europene, organiza\u021biilor interna\u021bionale, ONG-urilor, companiilor na\u021bionale sau interna\u021bionale etc.<\/p>\n<div class='yrm-content yrm-content-2 yrm-content-hide' id='yrm-VKiPw' data-id='2' data-show-status='false' data-after-action='' style=\"visibility: hidden;height: 0;\">\n<div id='yrm-inner-content-yrm-VKiPw' class='yrm-inner-content-wrapper yrm-cntent-2'> \u00cen planurile de \u00eenv\u0103\u0163\u0103m\u00e2nt ale programelor de studii, care func\u021bioneaz\u0103 \u00een cadrul Facult\u0103\u0163ii de Rela\u021bii Interna\u021bionale \u0219i Administra\u021bie, sunt prev\u0103zute discipline care vizeaz\u0103 specializarea \u00een domeniul administra\u0163iei publice. Se remarc\u0103, de asemenea, aten\u0163ia deosebit\u0103 acordat\u0103 preg\u0103tirii \u00een domeniul economic, juridic \u015fi al \u0219tiin\u021belor politice, care sunt indispensabile pentru desf\u0103\u015furarea unor activit\u0103\u0163i profesionale eficiente \u00een administra\u0163ia public\u0103 sau \u00een rela\u021biile interna\u021bionale. Preg\u0103tirea studen\u0163ilor \u0219i masteranzilor se realizeaz\u0103 nu numai prin cursuri \u015fi seminarii, ci \u015fi prin stagii de practic\u0103 \u00een diferite institu\u0163ii publice sau private, care permit contactul direct al acestora cu variatele probleme cu care se vor confrunta \u00een activitatea lor viitoare. Facultatea de Rela\u021bii Interna\u021bionale \u0219i Administra\u021bie dispune de un corp profesoral adecvat misiunii asumate, care se bucur\u0103 de prestigiu profesional \u0219i are o bogat\u0103 experien\u0163\u0103 practic\u0103. Facultatea \u015fi-a propus \u015fi a reu\u015fit s\u0103 statorniceasc\u0103 \u00eentre cadrele didactice, pe de o parte, \u015fi \u00eentre studen\u0163i, pe de alt\u0103 parte, o benefic\u0103 emula\u0163ie \u015fi un spirit universitar elevat, caracterizate de: &#8211; stimularea cunoa\u015fterii domeniului administra\u021biei publice locale \u0219i centrale &#8211; stimularea cunoa\u0219terii domeniului rela\u021biilor interna\u021bionale; &#8211; stimularea procesului de \u00eenv\u0103\u0163are continu\u0103 \u015fi de cultivare a spiritului ce \u00eendeamn\u0103 la cercetare; &#8211; institu\u0163ionalizarea unor forumuri consacrate dezbaterilor \u015ftiin\u0163ifice, prin abordarea unor teme din domeniile studiate, precum \u0219i a unor teme interdisciplinare (sesiunile anuale de comunic\u0103ri \u015ftiin\u0163ifice ale universit\u0103\u0163ii, cercuri studen\u021be\u0219ti, \u0219coli de var\u0103 etc.); &#8211; cultivarea solidarit\u0103\u0163ii studen\u0163e\u015fti, profesionale, sociale etc. Pentru dezvlotarea \u0219i cultivarea spiritului universitar, conducerea universit\u0103\u021bii a conceput reguli generale de conduit\u0103 universitar\u0103, care au fost aplicate cu consecven\u0163\u0103 \u015fi care au fost acceptate at\u00e2t de studen\u0163i, c\u00e2t \u015fi de cadrele didactice. Printre acestea men\u0163ion\u0103m: &#8211; selectarea cadrelor didactice \u00een func\u021bie de criteriile preg\u0103tirii profesionale, probit\u0103\u0163ii \u015ftiin\u0163ifice, al neimplic\u0103rii \u00een activit\u0103\u021bi incompatibile cu standardele moderne ale condi\u0163iei umane; &#8211; constituirea unor organisme care s\u0103 apere \u015fi s\u0103 promoveze etica \u015fi disciplina \u00een cadrul universit\u0103\u021bii \u015fi care s\u0103 analizeze abaterile de la normele vie\u0163ii universitare; &#8211; editarea unui buletin de informare periodic\u0103 asupra cazuisticii care intereseaz\u0103 via\u0163a universitar\u0103 etc.<\/div>\n<\/p><\/div>\n<div class='yrm-btn-wrapper yrm-btn-wrapper-2 yrm-more-button-wrapper  '\n\t\tdata-custom-more-class-name='' data-custom-less-class-name=''><span title='' data-less-title='' data-more-title='' class='yrm-toggle-expand  yrm-toggle-expand-2 ' data-rel='yrm-VKiPw' data-more='Mai mult' data-less='Mai pu\u021bin'><span class='yrm-text-wrapper yrm-text-wrapper-custom-dimensions'><span class=\"yrm-button-text-2 yrm-button-text-span\">Mai mult<\/span><\/span><\/span><\/div><\/p>\n\t\t\t\t\t\t\t\t<\/div>\n\t\t\t\t<\/div>\n\t\t\t\t\t<\/div>\n\t\t<\/div>\n\t\t\t\t\t<\/div>\n\t\t<\/section>\n\t\t\t\t<\/div>\n\t\t","protected":false},"excerpt":{"rendered":"<p>Despre noi Facultatea de Rela\u021bii Interna\u021bionale \u0219i Administra\u021bie asigur\u0103 preg\u0103tirea de speciali\u0219ti cu \u00eenalt\u0103 calificare at\u00e2t la nivelul studiilor de &hellip; <\/p>\n","protected":false},"author":1,"featured_media":0,"parent":70,"menu_order":0,"comment_status":"closed","ping_status":"closed","template":"","meta":{"_mi_skip_tracking":false,"_monsterinsights_sitenote_active":false,"_monsterinsights_sitenote_note":"","_monsterinsights_sitenote_category":0,"footnotes":""},"class_list":["post-134","page","type-page","status-publish","hentry"],"_links":{"self":[{"href":"https:\/\/www.univnt.ro\/index.php\/wp-json\/wp\/v2\/pages\/134","targetHints":{"allow":["GET"]}}],"collection":[{"href":"https:\/\/www.univnt.ro\/index.php\/wp-json\/wp\/v2\/pages"}],"about":[{"href":"https:\/\/www.univnt.ro\/index.php\/wp-json\/wp\/v2\/types\/page"}],"author":[{"embeddable":true,"href":"https:\/\/www.univnt.ro\/index.php\/wp-json\/wp\/v2\/users\/1"}],"replies":[{"embeddable":true,"href":"https:\/\/www.univnt.ro\/index.php\/wp-json\/wp\/v2\/comments?post=134"}],"version-history":[{"count":47,"href":"https:\/\/www.univnt.ro\/index.php\/wp-json\/wp\/v2\/pages\/134\/revisions"}],"predecessor-version":[{"id":7558,"href":"https:\/\/www.univnt.ro\/index.php\/wp-json\/wp\/v2\/pages\/134\/revisions\/7558"}],"up":[{"embeddable":true,"href":"https:\/\/www.univnt.ro\/index.php\/wp-json\/wp\/v2\/pages\/70"}],"wp:attachment":[{"href":"https:\/\/www.univnt.ro\/index.php\/wp-json\/wp\/v2\/media?parent=134"}],"curies":[{"name":"wp","href":"https:\/\/api.w.org\/{rel}","templated":true}]}}