{"id":5924,"date":"2022-10-14T10:45:12","date_gmt":"2022-10-14T10:45:12","guid":{"rendered":"https:\/\/www.univnt.ro\/?page_id=5924"},"modified":"2022-12-27T09:55:12","modified_gmt":"2022-12-27T09:55:12","slug":"conducere-facultatea-de-relatii-internationale-si-administratie","status":"publish","type":"page","link":"https:\/\/www.univnt.ro\/index.php\/facultati\/facultatea-de-relatii-internationale-si-administratie\/conducere-facultatea-de-relatii-internationale-si-administratie\/","title":{"rendered":"Conducere Facultatea de Relatii Internationale si Administratie"},"content":{"rendered":"\t\t<div data-elementor-type=\"wp-page\" data-elementor-id=\"5924\" class=\"elementor elementor-5924\" data-elementor-post-type=\"page\">\n\t\t\t\t\t\t<section class=\"elementor-section elementor-top-section elementor-element elementor-element-70b18dc elementor-section-boxed elementor-section-height-default elementor-section-height-default\" data-id=\"70b18dc\" data-element_type=\"section\">\n\t\t\t\t\t\t<div class=\"elementor-container elementor-column-gap-default\">\n\t\t\t\t\t<div class=\"elementor-column elementor-col-100 elementor-top-column elementor-element elementor-element-fcff89e\" data-id=\"fcff89e\" data-element_type=\"column\">\n\t\t\t<div class=\"elementor-widget-wrap elementor-element-populated\">\n\t\t\t\t\t\t<div class=\"elementor-element elementor-element-b1276ec elementor-widget elementor-widget-text-editor\" data-id=\"b1276ec\" data-element_type=\"widget\" data-widget_type=\"text-editor.default\">\n\t\t\t\t<div class=\"elementor-widget-container\">\n\t\t\t\t\t\t\t\t\t<p style=\"text-align: center;\"><strong>Decan<\/strong><\/p><p><img decoding=\"async\" class=\"wp-image-4676 aligncenter\" src=\"https:\/\/www.univnt.ro\/wp-content\/uploads\/WhatsApp-Image-2022-04-18-at-10.36.31-936x1024.jpeg\" alt=\"\" width=\"175\" height=\"191\" srcset=\"https:\/\/www.univnt.ro\/wp-content\/uploads\/WhatsApp-Image-2022-04-18-at-10.36.31-936x1024.jpeg 936w, https:\/\/www.univnt.ro\/wp-content\/uploads\/WhatsApp-Image-2022-04-18-at-10.36.31-274x300.jpeg 274w, https:\/\/www.univnt.ro\/wp-content\/uploads\/WhatsApp-Image-2022-04-18-at-10.36.31-768x840.jpeg 768w, https:\/\/www.univnt.ro\/wp-content\/uploads\/WhatsApp-Image-2022-04-18-at-10.36.31.jpeg 1209w\" sizes=\"(max-width: 175px) 100vw, 175px\" \/><\/p><p style=\"text-align: center;\"><strong><a href=\"https:\/\/www.univnt.ro\/index.php\/profesori\/lect-univ-dr-radu-liviu-george\/\">Lect. univ. dr. Liviu George RADU<\/a><\/strong><\/p>\t\t\t\t\t\t\t\t<\/div>\n\t\t\t\t<\/div>\n\t\t\t\t\t<\/div>\n\t\t<\/div>\n\t\t\t\t\t<\/div>\n\t\t<\/section>\n\t\t\t\t<section class=\"elementor-section elementor-top-section elementor-element elementor-element-be02359 elementor-section-boxed elementor-section-height-default elementor-section-height-default\" data-id=\"be02359\" data-element_type=\"section\">\n\t\t\t\t\t\t<div class=\"elementor-container elementor-column-gap-default\">\n\t\t\t\t\t<div class=\"elementor-column elementor-col-100 elementor-top-column elementor-element elementor-element-5879bdf\" data-id=\"5879bdf\" data-element_type=\"column\">\n\t\t\t<div class=\"elementor-widget-wrap elementor-element-populated\">\n\t\t\t\t\t\t<div class=\"elementor-element elementor-element-955bbf9 elementor-widget-divider--view-line elementor-widget elementor-widget-divider\" data-id=\"955bbf9\" data-element_type=\"widget\" data-widget_type=\"divider.default\">\n\t\t\t\t<div class=\"elementor-widget-container\">\n\t\t\t\t\t\t\t<div class=\"elementor-divider\">\n\t\t\t<span class=\"elementor-divider-separator\">\n\t\t\t\t\t\t<\/span>\n\t\t<\/div>\n\t\t\t\t\t\t<\/div>\n\t\t\t\t<\/div>\n\t\t\t\t\t<\/div>\n\t\t<\/div>\n\t\t\t\t\t<\/div>\n\t\t<\/section>\n\t\t\t\t<section class=\"elementor-section elementor-top-section elementor-element elementor-element-cdc86fe elementor-section-boxed elementor-section-height-default elementor-section-height-default\" data-id=\"cdc86fe\" data-element_type=\"section\">\n\t\t\t\t\t\t<div class=\"elementor-container elementor-column-gap-default\">\n\t\t\t\t\t<div class=\"elementor-column elementor-col-100 elementor-top-column elementor-element elementor-element-13b9489\" data-id=\"13b9489\" data-element_type=\"column\">\n\t\t\t<div class=\"elementor-widget-wrap elementor-element-populated\">\n\t\t\t\t\t\t<div class=\"elementor-element elementor-element-7af3051 elementor-widget elementor-widget-text-editor\" data-id=\"7af3051\" data-element_type=\"widget\" data-widget_type=\"text-editor.default\">\n\t\t\t\t<div class=\"elementor-widget-container\">\n\t\t\t\t\t\t\t\t\t<p style=\"text-align: center;\"><strong>Director departament \u015ftiin\u0163e politice \u015fi administrative<\/strong><\/p><p style=\"text-align: center;\"><img decoding=\"async\" class=\"alignnone size-full wp-image-618\" src=\"https:\/\/www.univnt.ro\/wp-content\/uploads\/2020\/07\/profesor_182_Bucur_Felicia.jpg\" alt=\"\" width=\"147\" height=\"137\" \/><\/p><p style=\"text-align: center;\"><a href=\"https:\/\/www.univnt.ro\/index.php\/profesori\/lect-univ-dr-bucur-norica-felicia\/\"><strong>Lect. univ. Felicia Norica BUCUR<\/strong><\/a><\/p>\t\t\t\t\t\t\t\t<\/div>\n\t\t\t\t<\/div>\n\t\t\t\t\t<\/div>\n\t\t<\/div>\n\t\t\t\t\t<\/div>\n\t\t<\/section>\n\t\t\t\t<section class=\"elementor-section elementor-top-section elementor-element elementor-element-33dd0a8 elementor-section-boxed elementor-section-height-default elementor-section-height-default\" data-id=\"33dd0a8\" data-element_type=\"section\">\n\t\t\t\t\t\t<div class=\"elementor-container elementor-column-gap-default\">\n\t\t\t\t\t<div class=\"elementor-column elementor-col-100 elementor-top-column elementor-element elementor-element-1082c33\" data-id=\"1082c33\" data-element_type=\"column\">\n\t\t\t<div class=\"elementor-widget-wrap elementor-element-populated\">\n\t\t\t\t\t\t<div class=\"elementor-element elementor-element-a45e202 elementor-widget-divider--view-line elementor-widget elementor-widget-divider\" data-id=\"a45e202\" data-element_type=\"widget\" data-widget_type=\"divider.default\">\n\t\t\t\t<div class=\"elementor-widget-container\">\n\t\t\t\t\t\t\t<div class=\"elementor-divider\">\n\t\t\t<span class=\"elementor-divider-separator\">\n\t\t\t\t\t\t<\/span>\n\t\t<\/div>\n\t\t\t\t\t\t<\/div>\n\t\t\t\t<\/div>\n\t\t\t\t\t<\/div>\n\t\t<\/div>\n\t\t\t\t\t<\/div>\n\t\t<\/section>\n\t\t\t\t<section class=\"elementor-section elementor-top-section elementor-element elementor-element-c299126 elementor-section-boxed elementor-section-height-default elementor-section-height-default\" data-id=\"c299126\" data-element_type=\"section\">\n\t\t\t\t\t\t<div class=\"elementor-container elementor-column-gap-default\">\n\t\t\t\t\t<div class=\"elementor-column elementor-col-100 elementor-top-column elementor-element elementor-element-e4edbd5\" data-id=\"e4edbd5\" data-element_type=\"column\">\n\t\t\t<div class=\"elementor-widget-wrap elementor-element-populated\">\n\t\t\t\t\t\t<div class=\"elementor-element elementor-element-2b23107 elementor-widget elementor-widget-text-editor\" data-id=\"2b23107\" data-element_type=\"widget\" data-widget_type=\"text-editor.default\">\n\t\t\t\t<div class=\"elementor-widget-container\">\n\t\t\t\t\t\t\t\t\t<p style=\"text-align: center;\"><strong>Consiliul Facult\u0103\u0163ii de Rela\u0163ii Interna\u0163ionale \u015fi Administra\u0163ie<\/strong><\/p><table width=\"308\"><tbody><tr><td width=\"308\">\u00a0Prof. univ. dr. Hotc\u0103 Mihai<\/td><\/tr><tr><td>\u00a0Prof. univ. dr. Nedelcu Elena<\/td><\/tr><tr><td>\u00a0Conf. univ. dr. Constantin Br\u0103garu<\/td><\/tr><tr><td>\u00a0Lect. univ. dr. Radu Liviu<\/td><\/tr><tr><td>\u00a0Lect. univ. dr. Bucur Felicia<\/td><\/tr><tr><td>\u00a0Lect. univ. dr. Diana Elena Neaga<\/td><\/tr><tr><td>\u00a0student, AP, an I, IF Zota G. Andreea-Lorena<\/td><\/tr><tr><td>\u00a0masterand, MOSP, an II, IF Puiu Lavinia Gabriela<\/td><\/tr><\/tbody><\/table>\t\t\t\t\t\t\t\t<\/div>\n\t\t\t\t<\/div>\n\t\t\t\t\t<\/div>\n\t\t<\/div>\n\t\t\t\t\t<\/div>\n\t\t<\/section>\n\t\t\t\t<\/div>\n\t\t","protected":false},"excerpt":{"rendered":"<p>Decan Lect. univ. dr. Liviu George RADU Director departament \u015ftiin\u0163e politice \u015fi administrative Lect. univ. Felicia Norica BUCUR Consiliul Facult\u0103\u0163ii &hellip; <\/p>\n","protected":false},"author":1,"featured_media":0,"parent":134,"menu_order":0,"comment_status":"closed","ping_status":"closed","template":"","meta":{"_mi_skip_tracking":false,"_monsterinsights_sitenote_active":false,"_monsterinsights_sitenote_note":"","_monsterinsights_sitenote_category":0,"footnotes":""},"class_list":["post-5924","page","type-page","status-publish","hentry"],"_links":{"self":[{"href":"https:\/\/www.univnt.ro\/index.php\/wp-json\/wp\/v2\/pages\/5924","targetHints":{"allow":["GET"]}}],"collection":[{"href":"https:\/\/www.univnt.ro\/index.php\/wp-json\/wp\/v2\/pages"}],"about":[{"href":"https:\/\/www.univnt.ro\/index.php\/wp-json\/wp\/v2\/types\/page"}],"author":[{"embeddable":true,"href":"https:\/\/www.univnt.ro\/index.php\/wp-json\/wp\/v2\/users\/1"}],"replies":[{"embeddable":true,"href":"https:\/\/www.univnt.ro\/index.php\/wp-json\/wp\/v2\/comments?post=5924"}],"version-history":[{"count":13,"href":"https:\/\/www.univnt.ro\/index.php\/wp-json\/wp\/v2\/pages\/5924\/revisions"}],"predecessor-version":[{"id":6385,"href":"https:\/\/www.univnt.ro\/index.php\/wp-json\/wp\/v2\/pages\/5924\/revisions\/6385"}],"up":[{"embeddable":true,"href":"https:\/\/www.univnt.ro\/index.php\/wp-json\/wp\/v2\/pages\/134"}],"wp:attachment":[{"href":"https:\/\/www.univnt.ro\/index.php\/wp-json\/wp\/v2\/media?parent=5924"}],"curies":[{"name":"wp","href":"https:\/\/api.w.org\/{rel}","templated":true}]}}

<div data-elementor-type="wp-page" data-elementor-id="5924" class="elementor elementor-5924" data-elementor-post-type="page">
						<section class="elementor-section elementor-top-section elementor-element elementor-element-70b18dc elementor-section-boxed elementor-section-height-default elementor-section-height-default" data-id="70b18dc" data-element_type="section">
						<div class="elementor-container elementor-column-gap-default">
					<div class="elementor-column elementor-col-100 elementor-top-column elementor-element elementor-element-fcff89e" data-id="fcff89e" data-element_type="column">
			<div class="elementor-widget-wrap elementor-element-populated">
						<div class="elementor-element elementor-element-b1276ec elementor-widget elementor-widget-text-editor" data-id="b1276ec" data-element_type="widget" data-widget_type="text-editor.default">
				<div class="elementor-widget-container">
									<p style="text-align: center;"><strong>Decan</strong></p><p><img decoding="async" class="wp-image-4676 aligncenter" src="https://www.univnt.ro/wp-content/uploads/WhatsApp-Image-2022-04-18-at-10.36.31-936x1024.jpeg" alt="" width="175" height="191" srcset="https://www.univnt.ro/wp-content/uploads/WhatsApp-Image-2022-04-18-at-10.36.31-936x1024.jpeg 936w, https://www.univnt.ro/wp-content/uploads/WhatsApp-Image-2022-04-18-at-10.36.31-274x300.jpeg 274w, https://www.univnt.ro/wp-content/uploads/WhatsApp-Image-2022-04-18-at-10.36.31-768x840.jpeg 768w, https://www.univnt.ro/wp-content/uploads/WhatsApp-Image-2022-04-18-at-10.36.31.jpeg 1209w" sizes="(max-width: 175px) 100vw, 175px" /></p><p style="text-align: center;"><strong><a href="https://www.univnt.ro/index.php/profesori/lect-univ-dr-radu-liviu-george/">Lect. univ. dr. Liviu George RADU</a></strong></p>								</div>
				</div>
					</div>
		</div>
					</div>
		</section>
				<section class="elementor-section elementor-top-section elementor-element elementor-element-be02359 elementor-section-boxed elementor-section-height-default elementor-section-height-default" data-id="be02359" data-element_type="section">
						<div class="elementor-container elementor-column-gap-default">
					<div class="elementor-column elementor-col-100 elementor-top-column elementor-element elementor-element-5879bdf" data-id="5879bdf" data-element_type="column">
			<div class="elementor-widget-wrap elementor-element-populated">
						<div class="elementor-element elementor-element-955bbf9 elementor-widget-divider--view-line elementor-widget elementor-widget-divider" data-id="955bbf9" data-element_type="widget" data-widget_type="divider.default">
				<div class="elementor-widget-container">
							<div class="elementor-divider">
			<span class="elementor-divider-separator">
						</span>
		</div>
						</div>
				</div>
					</div>
		</div>
					</div>
		</section>
				<section class="elementor-section elementor-top-section elementor-element elementor-element-cdc86fe elementor-section-boxed elementor-section-height-default elementor-section-height-default" data-id="cdc86fe" data-element_type="section">
						<div class="elementor-container elementor-column-gap-default">
					<div class="elementor-column elementor-col-100 elementor-top-column elementor-element elementor-element-13b9489" data-id="13b9489" data-element_type="column">
			<div class="elementor-widget-wrap elementor-element-populated">
						<div class="elementor-element elementor-element-7af3051 elementor-widget elementor-widget-text-editor" data-id="7af3051" data-element_type="widget" data-widget_type="text-editor.default">
				<div class="elementor-widget-container">
									<p style="text-align: center;"><strong>Director departament ştiinţe politice şi administrative</strong></p><p style="text-align: center;"><img decoding="async" class="alignnone size-full wp-image-618" src="https://www.univnt.ro/wp-content/uploads/2020/07/profesor_182_Bucur_Felicia.jpg" alt="" width="147" height="137" /></p><p style="text-align: center;"><a href="https://www.univnt.ro/index.php/profesori/lect-univ-dr-bucur-norica-felicia/"><strong>Lect. univ. Felicia Norica BUCUR</strong></a></p>								</div>
				</div>
					</div>
		</div>
					</div>
		</section>
				<section class="elementor-section elementor-top-section elementor-element elementor-element-33dd0a8 elementor-section-boxed elementor-section-height-default elementor-section-height-default" data-id="33dd0a8" data-element_type="section">
						<div class="elementor-container elementor-column-gap-default">
					<div class="elementor-column elementor-col-100 elementor-top-column elementor-element elementor-element-1082c33" data-id="1082c33" data-element_type="column">
			<div class="elementor-widget-wrap elementor-element-populated">
						<div class="elementor-element elementor-element-a45e202 elementor-widget-divider--view-line elementor-widget elementor-widget-divider" data-id="a45e202" data-element_type="widget" data-widget_type="divider.default">
				<div class="elementor-widget-container">
							<div class="elementor-divider">
			<span class="elementor-divider-separator">
						</span>
		</div>
						</div>
				</div>
					</div>
		</div>
					</div>
		</section>
				<section class="elementor-section elementor-top-section elementor-element elementor-element-c299126 elementor-section-boxed elementor-section-height-default elementor-section-height-default" data-id="c299126" data-element_type="section">
						<div class="elementor-container elementor-column-gap-default">
					<div class="elementor-column elementor-col-100 elementor-top-column elementor-element elementor-element-e4edbd5" data-id="e4edbd5" data-element_type="column">
			<div class="elementor-widget-wrap elementor-element-populated">
						<div class="elementor-element elementor-element-2b23107 elementor-widget elementor-widget-text-editor" data-id="2b23107" data-element_type="widget" data-widget_type="text-editor.default">
				<div class="elementor-widget-container">
									<p style="text-align: center;"><strong>Consiliul Facultăţii de Relaţii Internaţionale şi Administraţie</strong></p><table width="308"><tbody><tr><td width="308"> Prof. univ. dr. Hotcă Mihai</td></tr><tr><td> Prof. univ. dr. Nedelcu Elena</td></tr><tr><td> Conf. univ. dr. Constantin Brăgaru</td></tr><tr><td> Lect. univ. dr. Radu Liviu</td></tr><tr><td> Lect. univ. dr. Bucur Felicia</td></tr><tr><td> Lect. univ. dr. Diana Elena Neaga</td></tr><tr><td> student, AP, an I, IF Zota G. Andreea-Lorena</td></tr><tr><td> masterand, MOSP, an II, IF Puiu Lavinia Gabriela</td></tr></tbody></table>								</div>
				</div>
					</div>
		</div>
					</div>
		</section>
				</div>

<p>Decan Lect. univ. dr. Liviu George RADU Director departament ştiinţe politice şi administrative Lect. univ. Felicia Norica BUCUR Consiliul Facultăţii &hellip; </p>
