{"id":6004,"date":"2022-10-31T19:38:14","date_gmt":"2022-10-31T19:38:14","guid":{"rendered":"https:\/\/www.univnt.ro\/?page_id=6004"},"modified":"2025-06-19T07:50:56","modified_gmt":"2025-06-19T07:50:56","slug":"2021-2022-semestrul-2","status":"publish","type":"page","link":"https:\/\/www.univnt.ro\/index.php\/concursuri-cadre-didactice\/2021-2022-semestrul-2\/","title":{"rendered":"2021-2022-semestrul-2"},"content":{"rendered":"\t\t<div data-elementor-type=\"wp-page\" data-elementor-id=\"6004\" class=\"elementor elementor-6004\" data-elementor-post-type=\"page\">\n\t\t\t\t\t\t<section class=\"elementor-section elementor-top-section elementor-element elementor-element-8cd85b6 elementor-section-boxed elementor-section-height-default elementor-section-height-default\" data-id=\"8cd85b6\" data-element_type=\"section\">\n\t\t\t\t\t\t<div class=\"elementor-container elementor-column-gap-default\">\n\t\t\t\t\t<div class=\"elementor-column elementor-col-100 elementor-top-column elementor-element elementor-element-49675e3\" data-id=\"49675e3\" data-element_type=\"column\">\n\t\t\t<div class=\"elementor-widget-wrap elementor-element-populated\">\n\t\t\t\t\t\t<div class=\"elementor-element elementor-element-02f4f0c elementor-widget elementor-widget-heading\" data-id=\"02f4f0c\" data-element_type=\"widget\" data-widget_type=\"heading.default\">\n\t\t\t\t<div class=\"elementor-widget-container\">\n\t\t\t\t\t<h2 class=\"elementor-heading-title elementor-size-default\"><h3 style=\"font-family: var(--secondary-font)\">SEMESTRUL 2, 2021-2022<\/h3><p style=\"font-family: Roboto, sans-serif;font-size: 18px;font-weight: 400\"><\/p><p style=\"font-family: Roboto, sans-serif;font-size: 18px;font-weight: 400\"><\/p><h3 style=\"font-family: var(--secondary-font)\">Examen promovare<\/h3><p style=\"font-family: Roboto, sans-serif;font-size: 18px;font-weight: 400\"><\/p><p style=\"font-family: Roboto, sans-serif;font-size: 18px;font-weight: 400\"><\/p><p style=\"font-family: Roboto, sans-serif;font-size: 18px;font-weight: 400\"><span><strong>Posturi vacante<\/strong><\/span><\/p><p style=\"font-family: Roboto, sans-serif;font-size: 18px;font-weight: 400\"><\/p><p style=\"font-family: Roboto, sans-serif;font-size: 18px;font-weight: 400\"><\/p><ul style=\"font-family: Roboto, sans-serif;font-size: 18px;font-weight: 400\"><li><a href=\"https:\/\/www.univnt.ro\/wp-content\/uploads\/concursuri_cadre_didactice\/2021-2022\/sem%202\/Examen%20promovare\/01.%20Posturi%20vacante\/01_anunt_posturi_vacante.pdf\" data-wplink-url-error=\"true\">Posturi vacante<\/a><\/li><li><a href=\"https:\/\/www.univnt.ro\/wp-content\/uploads\/concursuri_cadre_didactice\/2021-2022\/sem%202\/Examen%20promovare\/01.%20Posturi%20vacante\/02_metodologie_promovare_cariera%20didactica.pdf\" data-wplink-url-error=\"true\">Metodologie concurs<\/a><\/li><li><a href=\"https:\/\/www.univnt.ro\/wp-content\/uploads\/concursuri_cadre_didactice\/2021-2022\/sem%202\/Examen%20promovare\/01.%20Posturi%20vacante\/04_Lector_%C8%98tiin%C8%9Be%20economice_25.pdf\" data-wplink-url-error=\"true\">Lector \u015etiin\u0163e economice<\/a><\/li><li><a href=\"https:\/\/www.univnt.ro\/wp-content\/uploads\/concursuri_cadre_didactice\/2021-2022\/sem%202\/Examen%20promovare\/11_decizie_rector_comisii_examen_2021.pdf\" data-wplink-url-error=\"true\">Decizie comisie rector<\/a><\/li><li><a href=\"https:\/\/www.univnt.ro\/wp-content\/uploads\/concursuri_cadre_didactice\/2021-2022\/sem%202\/Examen%20promovare\/01.%20Posturi%20vacante\/12_calendar_desfasurare_examen.pdf\" data-wplink-url-error=\"true\">Calendar<\/a><\/li><\/ul><p style=\"font-family: Roboto, sans-serif;font-size: 18px;font-weight: 400\"><\/p><p style=\"font-family: Roboto, sans-serif;font-size: 18px;font-weight: 400\"><\/p><p style=\"font-family: Roboto, sans-serif;font-size: 18px;font-weight: 400\"><span><strong>Tematic\u0103 bibliografie examene<\/strong><\/span><\/p><p style=\"font-family: Roboto, sans-serif;font-size: 18px;font-weight: 400\"><\/p><p style=\"font-family: Roboto, sans-serif;font-size: 18px;font-weight: 400\"><\/p><ul style=\"font-family: Roboto, sans-serif;font-size: 18px;font-weight: 400\"><li><a href=\"https:\/\/www.univnt.ro\/wp-content\/uploads\/concursuri_cadre_didactice\/2021-2022\/sem%202\/Examen%20promovare\/02.%20Tematica%20si%20bibliografia\/02%20Tematica%20si%20bibliografia_lector_%C8%98tiin%C8%9Be%20economice_25.pdf\" data-wplink-url-error=\"true\">Tematic\u0103 \u015fi bibliografie Lector \u015etiin\u0163e economice<\/a><\/li><\/ul><p style=\"font-family: Roboto, sans-serif;font-size: 18px;font-weight: 400\"><span><strong>Candida\u0163i<\/strong><\/span><\/p><ul style=\"font-family: Roboto, sans-serif;font-size: 18px;font-weight: 400\"><li><a href=\"https:\/\/www.univnt.ro\/wp-content\/uploads\/concursuri_cadre_didactice\/2021-2022\/sem%202\/Examen%20promovare\/CV.pdf\" data-wplink-url-error=\"true\">CV Alina Felicia Chivulescu<\/a><\/li><li><a href=\"https:\/\/www.univnt.ro\/wp-content\/uploads\/concursuri_cadre_didactice\/2021-2022\/sem%202\/Examen%20promovare\/Fisa%20verificare%20indeplinire%20standarde.pdf\" data-wplink-url-error=\"true\">Fi\u015f\u0103 de verificare Alina Felicia Chivulescu<\/a><\/li><li><a href=\"https:\/\/www.univnt.ro\/wp-content\/uploads\/concursuri_cadre_didactice\/2021-2022\/sem%202\/Examen%20promovare\/Lista%20de%20lucr%C4%83ri.pdf\" data-wplink-url-error=\"true\">Lista de lucrari<\/a><\/li><\/ul><p style=\"font-family: Roboto, sans-serif;font-size: 18px;font-weight: 400\"><span><strong>Aviz compartiment juridic<\/strong><\/span><\/p><ul style=\"font-family: Roboto, sans-serif;font-size: 18px;font-weight: 400\"><li><a href=\"https:\/\/www.univnt.ro\/wp-content\/uploads\/concursuri_cadre_didactice\/2021-2022\/sem%202\/Examen%20promovare\/03_Aviz%20compartiment%20juridic.pdf\" data-wplink-url-error=\"true\">Aviz compartiment juridic<\/a><\/li><\/ul><p style=\"font-family: Roboto, sans-serif;font-size: 18px;font-weight: 400\"><span><strong>Desfa\u015furarea probelor<\/strong><\/span><\/p><ul style=\"font-family: Roboto, sans-serif;font-size: 18px;font-weight: 400\"><li><a href=\"https:\/\/www.univnt.ro\/wp-content\/uploads\/concursuri_cadre_didactice\/2021-2022\/sem%202\/Examen%20promovare\/Planificarea%20probelor_FEAA_sem%20II_2021-2022.pdf\" data-wplink-url-error=\"true\">Planificare examen<\/a><\/li><li><a href=\"https:\/\/www.univnt.ro\/wp-content\/uploads\/concursuri_cadre_didactice\/2021-2022\/sem%202\/Examen%20promovare\/11_pozitia_25_decizie%20Proba_practica.pdf\" data-wplink-url-error=\"true\">Tematic\u0103 proba practic\u0103<\/a><\/li><\/ul><p style=\"font-family: Roboto, sans-serif;font-size: 18px;font-weight: 400\"><span><strong>Rezultate concurs<\/strong><\/span><\/p><ul style=\"font-family: Roboto, sans-serif;font-size: 18px;font-weight: 400\"><li><a href=\"https:\/\/www.univnt.ro\/wp-content\/uploads\/concursuri_cadre_didactice\/2021-2022\/sem%202\/Examen%20promovare\/14_Rezultate_examen_FEAA.pdf\" data-wplink-url-error=\"true\">Rezultate concurs<\/a><\/li><li><a href=\"https:\/\/www.univnt.ro\/wp-content\/uploads\/concursuri_cadre_didactice\/2021-2022\/sem%202\/Examen%20promovare\/Lista%20candidatilor%20promovati_2022.pdf\" data-wplink-url-error=\"true\">Lista candida\u0163ilor promova\u0163i<\/a><\/li><\/ul><\/h2>\t\t\t\t<\/div>\n\t\t\t\t<\/div>\n\t\t\t\t\t<\/div>\n\t\t<\/div>\n\t\t\t\t\t<\/div>\n\t\t<\/section>\n\t\t\t\t<\/div>\n\t\t","protected":false},"excerpt":{"rendered":"<p>SEMESTRUL 2, 2021-2022 Examen promovare Posturi vacante Posturi vacante Metodologie concurs Lector \u015etiin\u0163e economice Decizie comisie rector Calendar Tematic\u0103 bibliografie &hellip; <\/p>\n","protected":false},"author":1,"featured_media":0,"parent":966,"menu_order":0,"comment_status":"closed","ping_status":"closed","template":"","meta":{"_mi_skip_tracking":false,"_monsterinsights_sitenote_active":false,"_monsterinsights_sitenote_note":"","_monsterinsights_sitenote_category":0,"footnotes":""},"class_list":["post-6004","page","type-page","status-publish","hentry"],"_links":{"self":[{"href":"https:\/\/www.univnt.ro\/index.php\/wp-json\/wp\/v2\/pages\/6004","targetHints":{"allow":["GET"]}}],"collection":[{"href":"https:\/\/www.univnt.ro\/index.php\/wp-json\/wp\/v2\/pages"}],"about":[{"href":"https:\/\/www.univnt.ro\/index.php\/wp-json\/wp\/v2\/types\/page"}],"author":[{"embeddable":true,"href":"https:\/\/www.univnt.ro\/index.php\/wp-json\/wp\/v2\/users\/1"}],"replies":[{"embeddable":true,"href":"https:\/\/www.univnt.ro\/index.php\/wp-json\/wp\/v2\/comments?post=6004"}],"version-history":[{"count":6,"href":"https:\/\/www.univnt.ro\/index.php\/wp-json\/wp\/v2\/pages\/6004\/revisions"}],"predecessor-version":[{"id":6716,"href":"https:\/\/www.univnt.ro\/index.php\/wp-json\/wp\/v2\/pages\/6004\/revisions\/6716"}],"up":[{"embeddable":true,"href":"https:\/\/www.univnt.ro\/index.php\/wp-json\/wp\/v2\/pages\/966"}],"wp:attachment":[{"href":"https:\/\/www.univnt.ro\/index.php\/wp-json\/wp\/v2\/media?parent=6004"}],"curies":[{"name":"wp","href":"https:\/\/api.w.org\/{rel}","templated":true}]}}